{"id":9485,"date":"2025-10-04T15:34:21","date_gmt":"2025-10-04T14:34:21","guid":{"rendered":"https:\/\/primosportmaroc.com\/?page_id=9485"},"modified":"2025-10-04T15:45:34","modified_gmt":"2025-10-04T14:45:34","slug":"politique-de-livraison","status":"publish","type":"page","link":"https:\/\/primosportmaroc.com\/?page_id=9485","title":{"rendered":"POLITIQUE DE LIVRAISON"},"content":{"rendered":"\t\t<div data-elementor-type=\"wp-page\" data-elementor-id=\"9485\" class=\"elementor elementor-9485\">\n\t\t\t\t<div class=\"elementor-element elementor-element-a92e4a0 e-flex e-con-boxed e-con e-parent\" data-id=\"a92e4a0\" data-element_type=\"container\">\r\n\t\t\t\t\t<div class=\"e-con-inner\">\r\n\t\t\t\t<div class=\"elementor-element elementor-element-a22c117 elementor-widget elementor-widget-porto_ultimate_heading\" data-id=\"a22c117\" data-element_type=\"widget\" data-widget_type=\"porto_ultimate_heading.default\">\n\t\t\t\t<div class=\"elementor-widget-container\">\n\t\t\t\t\t<div class=\"porto-u-heading  porto-u-55ca8359258f9a412be7e73af65d2aac\"><div class=\"porto-u-main-heading\"><h2   >Politique d\u2019exp\u00e9dition et de livraison \u2013 PrimoSport Maroc<\/h2><\/div><div class=\"porto-u-sub-heading\" style=\"\"><p>Chez <strong data-start=\"239\" data-end=\"259\">PrimoSport Maroc<\/strong>, nous veillons \u00e0 ce que vos commandes soient soigneusement pr\u00e9par\u00e9es et exp\u00e9di\u00e9es dans les meilleures conditions. Nos emballages sont adapt\u00e9s pour garantir la protection de vos articles tout au long du transport.<\/p><\/div><style>.porto-u-55ca8359258f9a412be7e73af65d2aac.porto-u-heading{text-align:center}<\/style><\/div>\t\t\t\t<\/div>\n\t\t\t\t<\/div>\n\t\t\t\t\t<\/div>\n\t\t\t\t<\/div>\n\t\t<div class=\"elementor-element elementor-element-06ae576 e-flex e-con-boxed e-con e-parent\" data-id=\"06ae576\" data-element_type=\"container\">\r\n\t\t\t\t\t<div class=\"e-con-inner\">\r\n\t\t\t\t<div class=\"elementor-element elementor-element-8badfd5 elementor-widget elementor-widget-spacer\" data-id=\"8badfd5\" data-element_type=\"widget\" data-widget_type=\"spacer.default\">\n\t\t\t\t<div class=\"elementor-widget-container\">\n\t\t\t\t\t\t\t<div class=\"elementor-spacer\">\n\t\t\t<div class=\"elementor-spacer-inner\"><\/div>\n\t\t<\/div>\n\t\t\t\t\t\t<\/div>\n\t\t\t\t<\/div>\n\t\t\t\t\t<\/div>\n\t\t\t\t<\/div>\n\t\t<div class=\"elementor-element elementor-element-9420125 e-con-full e-flex e-con e-parent\" data-id=\"9420125\" data-element_type=\"container\" data-settings=\"{&quot;background_background&quot;:&quot;classic&quot;}\">\r\n\t\t<div class=\"elementor-element elementor-element-d7ef00b e-con-full e-flex e-con e-child\" data-id=\"d7ef00b\" data-element_type=\"container\">\r\n\t\t\t\t<div class=\"elementor-element elementor-element-6561bf0 elementor-view-default elementor-widget elementor-widget-icon\" data-id=\"6561bf0\" data-element_type=\"widget\" data-widget_type=\"icon.default\">\n\t\t\t\t<div class=\"elementor-widget-container\">\n\t\t\t\t\t\t\t<div class=\"elementor-icon-wrapper\">\n\t\t\t<div class=\"elementor-icon\">\n\t\t\t<svg aria-hidden=\"true\" class=\"e-font-icon-svg e-far-calendar-alt\" viewBox=\"0 0 448 512\" xmlns=\"http:\/\/www.w3.org\/2000\/svg\"><path d=\"M148 288h-40c-6.6 0-12-5.4-12-12v-40c0-6.6 5.4-12 12-12h40c6.6 0 12 5.4 12 12v40c0 6.6-5.4 12-12 12zm108-12v-40c0-6.6-5.4-12-12-12h-40c-6.6 0-12 5.4-12 12v40c0 6.6 5.4 12 12 12h40c6.6 0 12-5.4 12-12zm96 0v-40c0-6.6-5.4-12-12-12h-40c-6.6 0-12 5.4-12 12v40c0 6.6 5.4 12 12 12h40c6.6 0 12-5.4 12-12zm-96 96v-40c0-6.6-5.4-12-12-12h-40c-6.6 0-12 5.4-12 12v40c0 6.6 5.4 12 12 12h40c6.6 0 12-5.4 12-12zm-96 0v-40c0-6.6-5.4-12-12-12h-40c-6.6 0-12 5.4-12 12v40c0 6.6 5.4 12 12 12h40c6.6 0 12-5.4 12-12zm192 0v-40c0-6.6-5.4-12-12-12h-40c-6.6 0-12 5.4-12 12v40c0 6.6 5.4 12 12 12h40c6.6 0 12-5.4 12-12zm96-260v352c0 26.5-21.5 48-48 48H48c-26.5 0-48-21.5-48-48V112c0-26.5 21.5-48 48-48h48V12c0-6.6 5.4-12 12-12h40c6.6 0 12 5.4 12 12v52h128V12c0-6.6 5.4-12 12-12h40c6.6 0 12 5.4 12 12v52h48c26.5 0 48 21.5 48 48zm-48 346V160H48v298c0 3.3 2.7 6 6 6h340c3.3 0 6-2.7 6-6z\"><\/path><\/svg>\t\t\t<\/div>\n\t\t<\/div>\n\t\t\t\t\t\t<\/div>\n\t\t\t\t<\/div>\n\t\t\t\t<div class=\"elementor-element elementor-element-912b551 elementor-widget elementor-widget-porto_ultimate_heading\" data-id=\"912b551\" data-element_type=\"widget\" data-widget_type=\"porto_ultimate_heading.default\">\n\t\t\t\t<div class=\"elementor-widget-container\">\n\t\t\t\t\t<div class=\"porto-u-heading  porto-u-55ca8359258f9a412be7e73af65d2aac\"><div class=\"porto-u-main-heading\"><h2   >Jours de livraison<\/h2><\/div><div class=\"porto-u-sub-heading\" style=\"\"><p>Nos livraisons sont effectu\u00e9es <strong data-start=\"536\" data-end=\"560\">du lundi au vendredi<\/strong>, hors <strong data-start=\"567\" data-end=\"580\">week-ends<\/strong> et <strong data-start=\"584\" data-end=\"600\">jours f\u00e9ri\u00e9s<\/strong>.<\/p><\/div><style>.porto-u-55ca8359258f9a412be7e73af65d2aac.porto-u-heading{text-align:center}<\/style><\/div>\t\t\t\t<\/div>\n\t\t\t\t<\/div>\n\t\t\t\t<\/div>\n\t\t<div class=\"elementor-element elementor-element-340c0db e-con-full e-flex e-con e-child\" data-id=\"340c0db\" data-element_type=\"container\">\r\n\t\t\t\t<div class=\"elementor-element elementor-element-6f2aa49 elementor-view-default elementor-widget elementor-widget-icon\" data-id=\"6f2aa49\" data-element_type=\"widget\" data-widget_type=\"icon.default\">\n\t\t\t\t<div class=\"elementor-widget-container\">\n\t\t\t\t\t\t\t<div class=\"elementor-icon-wrapper\">\n\t\t\t<div class=\"elementor-icon\">\n\t\t\t<i aria-hidden=\"true\" class=\"  porto-icon-money\"><\/i>\t\t\t<\/div>\n\t\t<\/div>\n\t\t\t\t\t\t<\/div>\n\t\t\t\t<\/div>\n\t\t\t\t<div class=\"elementor-element elementor-element-1ac1c48 elementor-widget elementor-widget-porto_ultimate_heading\" data-id=\"1ac1c48\" data-element_type=\"widget\" data-widget_type=\"porto_ultimate_heading.default\">\n\t\t\t\t<div class=\"elementor-widget-container\">\n\t\t\t\t\t<div class=\"porto-u-heading  porto-u-55ca8359258f9a412be7e73af65d2aac\"><div class=\"porto-u-main-heading\"><h2   >Frais de livraison<\/h2><\/div><div class=\"porto-u-sub-heading\" style=\"\"><p data-start=\"634\" data-end=\"714\">La <strong data-start=\"666\" data-end=\"721\">livraison est GRATUITE \u00e0 partir de 400 DHS d\u2019achat.<\/strong><br data-start=\"721\" data-end=\"724\" \/>Pour les commandes inf\u00e9rieures \u00e0 ce montant, des frais de livraison minimes seront appliqu\u00e9s selon la destination.<\/p><\/div><style>.porto-u-55ca8359258f9a412be7e73af65d2aac.porto-u-heading{text-align:center}<\/style><\/div>\t\t\t\t<\/div>\n\t\t\t\t<\/div>\n\t\t\t\t<\/div>\n\t\t<div class=\"elementor-element elementor-element-1a62fd1 e-con-full e-flex e-con e-child\" data-id=\"1a62fd1\" data-element_type=\"container\">\r\n\t\t\t\t<div class=\"elementor-element elementor-element-8f2d58e elementor-view-default elementor-widget elementor-widget-icon\" data-id=\"8f2d58e\" data-element_type=\"widget\" data-widget_type=\"icon.default\">\n\t\t\t\t<div class=\"elementor-widget-container\">\n\t\t\t\t\t\t\t<div class=\"elementor-icon-wrapper\">\n\t\t\t<div class=\"elementor-icon\">\n\t\t\t<i aria-hidden=\"true\" class=\"  porto-icon-clock\"><\/i>\t\t\t<\/div>\n\t\t<\/div>\n\t\t\t\t\t\t<\/div>\n\t\t\t\t<\/div>\n\t\t\t\t<div class=\"elementor-element elementor-element-1af1c11 elementor-widget elementor-widget-porto_ultimate_heading\" data-id=\"1af1c11\" data-element_type=\"widget\" data-widget_type=\"porto_ultimate_heading.default\">\n\t\t\t\t<div class=\"elementor-widget-container\">\n\t\t\t\t\t<div class=\"porto-u-heading  porto-u-55ca8359258f9a412be7e73af65d2aac\"><div class=\"porto-u-main-heading\"><h2   >D\u00e9lais de livraison<\/h2><\/div><div class=\"porto-u-sub-heading\" style=\"\"><ul><li data-start=\"747\" data-end=\"818\"><p data-start=\"749\" data-end=\"818\"><strong data-start=\"749\" data-end=\"765\">Casablanca :<\/strong> sous <strong data-start=\"771\" data-end=\"784\">24 heures<\/strong> (hors week-end et jours f\u00e9ri\u00e9s)<\/p><\/li><li data-start=\"819\" data-end=\"904\"><p data-start=\"821\" data-end=\"904\"><strong data-start=\"821\" data-end=\"849\">Autres villes du Maroc :<\/strong> entre <strong data-start=\"856\" data-end=\"872\">48 h et 72 h<\/strong> (hors week-end et jours f\u00e9ri\u00e9s)<\/p><\/li><\/ul><\/div><style>.porto-u-55ca8359258f9a412be7e73af65d2aac.porto-u-heading{text-align:center}<\/style><\/div>\t\t\t\t<\/div>\n\t\t\t\t<\/div>\n\t\t\t\t<\/div>\n\t\t\t\t<\/div>\n\t\t<div class=\"elementor-element elementor-element-a52d8c8 e-flex e-con-boxed e-con e-parent\" data-id=\"a52d8c8\" data-element_type=\"container\">\r\n\t\t\t\t\t<div class=\"e-con-inner\">\r\n\t\t\t\t<div class=\"elementor-element elementor-element-13c80dd elementor-widget elementor-widget-spacer\" data-id=\"13c80dd\" data-element_type=\"widget\" data-widget_type=\"spacer.default\">\n\t\t\t\t<div class=\"elementor-widget-container\">\n\t\t\t\t\t\t\t<div class=\"elementor-spacer\">\n\t\t\t<div class=\"elementor-spacer-inner\"><\/div>\n\t\t<\/div>\n\t\t\t\t\t\t<\/div>\n\t\t\t\t<\/div>\n\t\t\t\t\t<\/div>\n\t\t\t\t<\/div>\n\t\t<div class=\"elementor-element elementor-element-501e014 e-con-full e-flex e-con e-parent\" data-id=\"501e014\" data-element_type=\"container\" data-settings=\"{&quot;background_background&quot;:&quot;classic&quot;}\">\r\n\t\t<div class=\"elementor-element elementor-element-46d4bec e-con-full e-flex e-con e-child\" data-id=\"46d4bec\" data-element_type=\"container\">\r\n\t\t\t\t<div class=\"elementor-element elementor-element-e2f057e elementor-view-default elementor-widget elementor-widget-icon\" data-id=\"e2f057e\" data-element_type=\"widget\" data-widget_type=\"icon.default\">\n\t\t\t\t<div class=\"elementor-widget-container\">\n\t\t\t\t\t\t\t<div class=\"elementor-icon-wrapper\">\n\t\t\t<div class=\"elementor-icon\">\n\t\t\t<svg aria-hidden=\"true\" class=\"e-font-icon-svg e-fas-shipping-fast\" viewBox=\"0 0 640 512\" xmlns=\"http:\/\/www.w3.org\/2000\/svg\"><path d=\"M624 352h-16V243.9c0-12.7-5.1-24.9-14.1-33.9L494 110.1c-9-9-21.2-14.1-33.9-14.1H416V48c0-26.5-21.5-48-48-48H112C85.5 0 64 21.5 64 48v48H8c-4.4 0-8 3.6-8 8v16c0 4.4 3.6 8 8 8h272c4.4 0 8 3.6 8 8v16c0 4.4-3.6 8-8 8H40c-4.4 0-8 3.6-8 8v16c0 4.4 3.6 8 8 8h208c4.4 0 8 3.6 8 8v16c0 4.4-3.6 8-8 8H8c-4.4 0-8 3.6-8 8v16c0 4.4 3.6 8 8 8h208c4.4 0 8 3.6 8 8v16c0 4.4-3.6 8-8 8H64v128c0 53 43 96 96 96s96-43 96-96h128c0 53 43 96 96 96s96-43 96-96h48c8.8 0 16-7.2 16-16v-32c0-8.8-7.2-16-16-16zM160 464c-26.5 0-48-21.5-48-48s21.5-48 48-48 48 21.5 48 48-21.5 48-48 48zm320 0c-26.5 0-48-21.5-48-48s21.5-48 48-48 48 21.5 48 48-21.5 48-48 48zm80-208H416V144h44.1l99.9 99.9V256z\"><\/path><\/svg>\t\t\t<\/div>\n\t\t<\/div>\n\t\t\t\t\t\t<\/div>\n\t\t\t\t<\/div>\n\t\t\t\t<div class=\"elementor-element elementor-element-407ba5c elementor-widget elementor-widget-porto_ultimate_heading\" data-id=\"407ba5c\" data-element_type=\"widget\" data-widget_type=\"porto_ultimate_heading.default\">\n\t\t\t\t<div class=\"elementor-widget-container\">\n\t\t\t\t\t<div class=\"porto-u-heading  porto-u-55ca8359258f9a412be7e73af65d2aac\"><div class=\"porto-u-main-heading\"><h2   >Prestataires et suivi<\/h2><\/div><div class=\"porto-u-sub-heading\" style=\"\"><p data-start=\"940\" data-end=\"1078\">Nous livrons <strong data-start=\"953\" data-end=\"973\">partout au Maroc<\/strong> gr\u00e2ce \u00e0 nos partenaires logistiques <strong data-start=\"1010\" data-end=\"1019\">Amana<\/strong> et <strong data-start=\"1023\" data-end=\"1040\">For Livraison<\/strong>.<br data-start=\"1041\" data-end=\"1044\" \/>Vous pouvez choisir la livraison :<\/p><ul data-start=\"1079\" data-end=\"1187\"><li data-start=\"1079\" data-end=\"1098\"><p data-start=\"1081\" data-end=\"1098\">\u00e0 <strong data-start=\"1083\" data-end=\"1095\">domicile<\/strong>,<\/p><\/li><li data-start=\"1099\" data-end=\"1133\"><p data-start=\"1101\" data-end=\"1133\">sur votre <strong data-start=\"1111\" data-end=\"1130\">lieu de travail<\/strong>,<\/p><\/li><li data-start=\"1134\" data-end=\"1187\"><p data-start=\"1136\" data-end=\"1187\">ou en <strong data-start=\"1142\" data-end=\"1169\">point de retrait postal<\/strong> le plus proche.<\/p><\/li><\/ul><p data-start=\"1189\" data-end=\"1322\">Un <strong data-start=\"1192\" data-end=\"1211\">num\u00e9ro de suivi<\/strong> vous sera communiqu\u00e9 par e-mail d\u00e8s l\u2019exp\u00e9dition de votre commande pour suivre son acheminement en temps r\u00e9el.<\/p><\/div><style>.porto-u-55ca8359258f9a412be7e73af65d2aac.porto-u-heading{text-align:center}<\/style><\/div>\t\t\t\t<\/div>\n\t\t\t\t<\/div>\n\t\t\t\t<\/div>\n\t\t<div class=\"elementor-element elementor-element-0a65775 e-con-full e-flex e-con e-child\" data-id=\"0a65775\" data-element_type=\"container\">\r\n\t\t\t\t<div class=\"elementor-element elementor-element-1440b6b elementor-view-default elementor-widget elementor-widget-icon\" data-id=\"1440b6b\" data-element_type=\"widget\" data-widget_type=\"icon.default\">\n\t\t\t\t<div class=\"elementor-widget-container\">\n\t\t\t\t\t\t\t<div class=\"elementor-icon-wrapper\">\n\t\t\t<div class=\"elementor-icon\">\n\t\t\t<svg aria-hidden=\"true\" class=\"e-font-icon-svg e-fas-box-open\" viewBox=\"0 0 640 512\" xmlns=\"http:\/\/www.w3.org\/2000\/svg\"><path d=\"M425.7 256c-16.9 0-32.8-9-41.4-23.4L320 126l-64.2 106.6c-8.7 14.5-24.6 23.5-41.5 23.5-4.5 0-9-.6-13.3-1.9L64 215v178c0 14.7 10 27.5 24.2 31l216.2 54.1c10.2 2.5 20.9 2.5 31 0L551.8 424c14.2-3.6 24.2-16.4 24.2-31V215l-137 39.1c-4.3 1.3-8.8 1.9-13.3 1.9zm212.6-112.2L586.8 41c-3.1-6.2-9.8-9.8-16.7-8.9L320 64l91.7 152.1c3.8 6.3 11.4 9.3 18.5 7.3l197.9-56.5c9.9-2.9 14.7-13.9 10.2-23.1zM53.2 41L1.7 143.8c-4.6 9.2.3 20.2 10.1 23l197.9 56.5c7.1 2 14.7-1 18.5-7.3L320 64 69.8 32.1c-6.9-.8-13.5 2.7-16.6 8.9z\"><\/path><\/svg>\t\t\t<\/div>\n\t\t<\/div>\n\t\t\t\t\t\t<\/div>\n\t\t\t\t<\/div>\n\t\t\t\t<div class=\"elementor-element elementor-element-dc18338 elementor-widget elementor-widget-porto_ultimate_heading\" data-id=\"dc18338\" data-element_type=\"widget\" data-widget_type=\"porto_ultimate_heading.default\">\n\t\t\t\t<div class=\"elementor-widget-container\">\n\t\t\t\t\t<div class=\"porto-u-heading  porto-u-55ca8359258f9a412be7e73af65d2aac\"><div class=\"porto-u-main-heading\"><h2   >R\u00e9ception de votre commande<\/h2><\/div><div class=\"porto-u-sub-heading\" style=\"\"><p data-start=\"1364\" data-end=\"1567\">La livraison s\u2019effectue <strong data-start=\"1388\" data-end=\"1412\">\u00e0 l\u2019adresse indiqu\u00e9e<\/strong>, <strong data-start=\"1414\" data-end=\"1438\">contre remboursement<\/strong>.<br data-start=\"1439\" data-end=\"1442\" \/>Si vous \u00eates indisponible, vous pouvez <strong data-start=\"1481\" data-end=\"1512\">mandater une autre personne<\/strong> pour r\u00e9ceptionner le colis et effectuer le paiement.<\/p><p data-start=\"1569\" data-end=\"1760\">En cas de non-r\u00e9ception, votre colis restera disponible pendant <strong data-start=\"1633\" data-end=\"1645\">15 jours<\/strong> au guichet postal ou aupr\u00e8s de notre service client. Pass\u00e9 ce d\u00e9lai, la commande sera automatiquement <strong data-start=\"1748\" data-end=\"1759\">annul\u00e9e<\/strong>.<\/p><\/div><style>.porto-u-55ca8359258f9a412be7e73af65d2aac.porto-u-heading{text-align:center}<\/style><\/div>\t\t\t\t<\/div>\n\t\t\t\t<\/div>\n\t\t\t\t<\/div>\n\t\t\t\t<\/div>\n\t\t<div class=\"elementor-element elementor-element-7913437 e-flex e-con-boxed e-con e-parent\" data-id=\"7913437\" data-element_type=\"container\">\r\n\t\t\t\t\t<div class=\"e-con-inner\">\r\n\t\t\t\t<div class=\"elementor-element elementor-element-b239275 elementor-widget elementor-widget-spacer\" data-id=\"b239275\" data-element_type=\"widget\" data-widget_type=\"spacer.default\">\n\t\t\t\t<div class=\"elementor-widget-container\">\n\t\t\t\t\t\t\t<div class=\"elementor-spacer\">\n\t\t\t<div class=\"elementor-spacer-inner\"><\/div>\n\t\t<\/div>\n\t\t\t\t\t\t<\/div>\n\t\t\t\t<\/div>\n\t\t\t\t\t<\/div>\n\t\t\t\t<\/div>\n\t\t<div class=\"elementor-element elementor-element-7b5ee65 e-con-full e-flex e-con e-parent\" data-id=\"7b5ee65\" data-element_type=\"container\" data-settings=\"{&quot;background_background&quot;:&quot;classic&quot;}\">\r\n\t\t<div class=\"elementor-element elementor-element-31bc116 e-con-full e-flex e-con e-child\" data-id=\"31bc116\" data-element_type=\"container\">\r\n\t\t\t\t<div class=\"elementor-element elementor-element-5a0e5c2 elementor-view-default elementor-widget elementor-widget-icon\" data-id=\"5a0e5c2\" data-element_type=\"widget\" data-widget_type=\"icon.default\">\n\t\t\t\t<div class=\"elementor-widget-container\">\n\t\t\t\t\t\t\t<div class=\"elementor-icon-wrapper\">\n\t\t\t<div class=\"elementor-icon\">\n\t\t\t<svg aria-hidden=\"true\" class=\"e-font-icon-svg e-fas-exclamation-triangle\" viewBox=\"0 0 576 512\" xmlns=\"http:\/\/www.w3.org\/2000\/svg\"><path d=\"M569.517 440.013C587.975 472.007 564.806 512 527.94 512H48.054c-36.937 0-59.999-40.055-41.577-71.987L246.423 23.985c18.467-32.009 64.72-31.951 83.154 0l239.94 416.028zM288 354c-25.405 0-46 20.595-46 46s20.595 46 46 46 46-20.595 46-46-20.595-46-46-46zm-43.673-165.346l7.418 136c.347 6.364 5.609 11.346 11.982 11.346h48.546c6.373 0 11.635-4.982 11.982-11.346l7.418-136c.375-6.874-5.098-12.654-11.982-12.654h-63.383c-6.884 0-12.356 5.78-11.981 12.654z\"><\/path><\/svg>\t\t\t<\/div>\n\t\t<\/div>\n\t\t\t\t\t\t<\/div>\n\t\t\t\t<\/div>\n\t\t\t\t<div class=\"elementor-element elementor-element-4781b85 elementor-widget elementor-widget-porto_ultimate_heading\" data-id=\"4781b85\" data-element_type=\"widget\" data-widget_type=\"porto_ultimate_heading.default\">\n\t\t\t\t<div class=\"elementor-widget-container\">\n\t\t\t\t\t<div class=\"porto-u-heading  porto-u-55ca8359258f9a412be7e73af65d2aac\"><div class=\"porto-u-main-heading\"><h2   >Limites de responsabilit\u00e9<\/h2><\/div><div class=\"porto-u-sub-heading\" style=\"\"><p>PrimoSport Maroc ne saurait \u00eatre tenu responsable en cas de <strong data-start=\"1860\" data-end=\"1883\">retard de livraison<\/strong> li\u00e9 \u00e0 des circonstances exceptionnelles :<br data-start=\"1925\" data-end=\"1928\" \/>gr\u00e8ves, intemp\u00e9ries, catastrophes naturelles ou tout autre cas de <strong data-start=\"1994\" data-end=\"2011\">force majeure<\/strong>.<\/p><\/div><style>.porto-u-55ca8359258f9a412be7e73af65d2aac.porto-u-heading{text-align:center}<\/style><\/div>\t\t\t\t<\/div>\n\t\t\t\t<\/div>\n\t\t\t\t<\/div>\n\t\t<div class=\"elementor-element elementor-element-602cb8f e-con-full e-flex e-con e-child\" data-id=\"602cb8f\" data-element_type=\"container\">\r\n\t\t\t\t<div class=\"elementor-element elementor-element-ef5e8d9 elementor-view-default elementor-widget elementor-widget-icon\" data-id=\"ef5e8d9\" data-element_type=\"widget\" data-widget_type=\"icon.default\">\n\t\t\t\t<div class=\"elementor-widget-container\">\n\t\t\t\t\t\t\t<div class=\"elementor-icon-wrapper\">\n\t\t\t<div class=\"elementor-icon\">\n\t\t\t<svg aria-hidden=\"true\" class=\"e-font-icon-svg e-fas-check-square\" viewBox=\"0 0 448 512\" xmlns=\"http:\/\/www.w3.org\/2000\/svg\"><path d=\"M400 480H48c-26.51 0-48-21.49-48-48V80c0-26.51 21.49-48 48-48h352c26.51 0 48 21.49 48 48v352c0 26.51-21.49 48-48 48zm-204.686-98.059l184-184c6.248-6.248 6.248-16.379 0-22.627l-22.627-22.627c-6.248-6.248-16.379-6.249-22.628 0L184 302.745l-70.059-70.059c-6.248-6.248-16.379-6.248-22.628 0l-22.627 22.627c-6.248 6.248-6.248 16.379 0 22.627l104 104c6.249 6.25 16.379 6.25 22.628.001z\"><\/path><\/svg>\t\t\t<\/div>\n\t\t<\/div>\n\t\t\t\t\t\t<\/div>\n\t\t\t\t<\/div>\n\t\t\t\t<div class=\"elementor-element elementor-element-7ff695e elementor-widget elementor-widget-porto_ultimate_heading\" data-id=\"7ff695e\" data-element_type=\"widget\" data-widget_type=\"porto_ultimate_heading.default\">\n\t\t\t\t<div class=\"elementor-widget-container\">\n\t\t\t\t\t<div class=\"porto-u-heading  porto-u-55ca8359258f9a412be7e73af65d2aac\"><div class=\"porto-u-main-heading\"><h2   >Engagement & garanties<\/h2><\/div><div class=\"porto-u-sub-heading\" style=\"\"><p data-start=\"634\" data-end=\"714\">Nous garantissons la conformit\u00e9 de vos commandes.<br data-start=\"2097\" data-end=\"2100\" \/>En cas d\u2019erreur ou de produit d\u00e9fectueux, veuillez nous contacter dans un d\u00e9lai de <strong data-start=\"2183\" data-end=\"2195\">15 jours<\/strong> suivant la r\u00e9ception.<br data-start=\"2217\" data-end=\"2220\" \/>Au-del\u00e0 de ce d\u00e9lai, aucune r\u00e9clamation ne pourra \u00eatre accept\u00e9e.<\/p><\/div><style>.porto-u-55ca8359258f9a412be7e73af65d2aac.porto-u-heading{text-align:center}<\/style><\/div>\t\t\t\t<\/div>\n\t\t\t\t<\/div>\n\t\t\t\t<\/div>\n\t\t\t\t<\/div>\n\t\t\t\t<\/div>\n\t\t","protected":false},"excerpt":{"rendered":"<p>Politique d\u2019exp\u00e9dition et de livraison \u2013 PrimoSport Maroc Chez PrimoSport Maroc, nous veillons \u00e0 ce que vos commandes soient soigneusement pr\u00e9par\u00e9es et exp\u00e9di\u00e9es dans les meilleures conditions. Nos emballages sont adapt\u00e9s pour garantir la protection de vos articles tout au long du transport. Jours de livraison Nos livraisons sont effectu\u00e9es du lundi au vendredi, hors [&hellip;]<\/p>\n","protected":false},"author":1,"featured_media":0,"parent":0,"menu_order":0,"comment_status":"closed","ping_status":"closed","template":"","meta":{"_acf_changed":false,"content-type":"","footnotes":""},"class_list":["post-9485","page","type-page","status-publish","hentry"],"acf":[],"_links":{"self":[{"href":"https:\/\/primosportmaroc.com\/index.php?rest_route=\/wp\/v2\/pages\/9485","targetHints":{"allow":["GET"]}}],"collection":[{"href":"https:\/\/primosportmaroc.com\/index.php?rest_route=\/wp\/v2\/pages"}],"about":[{"href":"https:\/\/primosportmaroc.com\/index.php?rest_route=\/wp\/v2\/types\/page"}],"author":[{"embeddable":true,"href":"https:\/\/primosportmaroc.com\/index.php?rest_route=\/wp\/v2\/users\/1"}],"replies":[{"embeddable":true,"href":"https:\/\/primosportmaroc.com\/index.php?rest_route=%2Fwp%2Fv2%2Fcomments&post=9485"}],"version-history":[{"count":4,"href":"https:\/\/primosportmaroc.com\/index.php?rest_route=\/wp\/v2\/pages\/9485\/revisions"}],"predecessor-version":[{"id":9493,"href":"https:\/\/primosportmaroc.com\/index.php?rest_route=\/wp\/v2\/pages\/9485\/revisions\/9493"}],"wp:attachment":[{"href":"https:\/\/primosportmaroc.com\/index.php?rest_route=%2Fwp%2Fv2%2Fmedia&parent=9485"}],"curies":[{"name":"wp","href":"https:\/\/api.w.org\/{rel}","templated":true}]}}