{"id":8632,"date":"2025-05-14T15:33:58","date_gmt":"2025-05-14T14:33:58","guid":{"rendered":"https:\/\/primosportmaroc.com\/?post_type=product&#038;p=8632"},"modified":"2025-08-13T16:25:40","modified_gmt":"2025-08-13T15:25:40","slug":"under-armour-sportstyle-cotton-logo-short-1329300408","status":"publish","type":"product","link":"https:\/\/primosportmaroc.com\/?product=under-armour-sportstyle-cotton-logo-short-1329300408","title":{"rendered":"Under Armour Sportstyle Cotton Logo Short (1329300408)"},"content":{"rendered":"<div class=\"woocommerce-tabs wc-tabs-wrapper\">\n<div id=\"tab-description\" class=\"woocommerce-Tabs-panel woocommerce-Tabs-panel--description panel entry-content wc-tab\" role=\"tabpanel\" aria-labelledby=\"tab-title-description\">\n<h4>SHORT UNDER ARMOUR SPORTSTYLE COTON LOGO SHORT<\/h4>\n<p>Que vous le portiez dans la rue ou \u00e0 la salle de sport, vous vous sentirez bien dans le short Under Armour pour homme SPORTSTYLE COTTON LOGO SHORTS de la marque Training !<\/p>\n<p>\u2013 Croix l\u00e9g\u00e8re.<br \/>\n\u2013 Mati\u00e8re \u00e9lastique \u00e0 s\u00e9chage rapide.<br \/>\n\u2013 \u00c9limine la transpiration d\u00e8s que possible.<br \/>\n\u2013 Taille elastique.<br \/>\n\u2013 Poches lat\u00e9rales.<br \/>\n\u2013 Fente d\u00e9corative.<\/p>\n<blockquote><p>Code article : 1329300408<br \/>\nCouleur pr\u00e9dominante : Bleu marine<br \/>\nMat\u00e9riau : 100 % polyester<br \/>\nCouleurs secondaires : Blanc<br \/>\nG\u00e9n : hommes<br \/>\nSaison : Printemps-\u00c9t\u00e9 2021<br \/>\nCat\u00e9gorie : Short homme under armour<\/p><\/blockquote>\n<\/div>\n<\/div>\n","protected":false},"excerpt":{"rendered":"<p>SHORT UNDER ARMOUR SPORTSTYLE COTON LOGO SHORT Que vous le portiez dans la rue ou \u00e0 la salle de sport, vous vous sentirez bien dans le short Under Armour pour homme SPORTSTYLE COTTON LOGO SHORTS de la marque Training ! \u2013 Croix l\u00e9g\u00e8re. \u2013 Mati\u00e8re \u00e9lastique \u00e0 s\u00e9chage rapide. \u2013 \u00c9limine la transpiration d\u00e8s que [&hellip;]<\/p>\n","protected":false},"featured_media":8652,"template":"","meta":{"_acf_changed":false,"content-type":""},"pwb-brand":[516],"product_brand":[],"product_cat":[491,487,479],"product_tag":[],"class_list":{"0":"post-8632","1":"product","2":"type-product","3":"status-publish","4":"has-post-thumbnail","6":"pwb-brand-under-armour","7":"product_cat-hommes","8":"product_cat-short-bermuda-hommes","9":"product_cat-vetementshommes","11":"first","12":"instock","13":"taxable","14":"shipping-taxable","15":"purchasable","16":"product-type-variable"},"acf":[],"brands":[{"id":516,"name":"Under Armour","slug":"under-armour"}],"_links":{"self":[{"href":"https:\/\/primosportmaroc.com\/index.php?rest_route=\/wp\/v2\/product\/8632","targetHints":{"allow":["GET"]}}],"collection":[{"href":"https:\/\/primosportmaroc.com\/index.php?rest_route=\/wp\/v2\/product"}],"about":[{"href":"https:\/\/primosportmaroc.com\/index.php?rest_route=\/wp\/v2\/types\/product"}],"wp:featuredmedia":[{"embeddable":true,"href":"https:\/\/primosportmaroc.com\/index.php?rest_route=\/wp\/v2\/media\/8652"}],"wp:attachment":[{"href":"https:\/\/primosportmaroc.com\/index.php?rest_route=%2Fwp%2Fv2%2Fmedia&parent=8632"}],"wp:term":[{"taxonomy":"pwb-brand","embeddable":true,"href":"https:\/\/primosportmaroc.com\/index.php?rest_route=%2Fwp%2Fv2%2Fpwb-brand&post=8632"},{"taxonomy":"product_brand","embeddable":true,"href":"https:\/\/primosportmaroc.com\/index.php?rest_route=%2Fwp%2Fv2%2Fproduct_brand&post=8632"},{"taxonomy":"product_cat","embeddable":true,"href":"https:\/\/primosportmaroc.com\/index.php?rest_route=%2Fwp%2Fv2%2Fproduct_cat&post=8632"},{"taxonomy":"product_tag","embeddable":true,"href":"https:\/\/primosportmaroc.com\/index.php?rest_route=%2Fwp%2Fv2%2Fproduct_tag&post=8632"}],"curies":[{"name":"wp","href":"https:\/\/api.w.org\/{rel}","templated":true}]}}