{"id":8636,"date":"2025-05-14T15:47:02","date_gmt":"2025-05-14T14:47:02","guid":{"rendered":"https:\/\/primosportmaroc.com\/?post_type=product&#038;p=8636"},"modified":"2025-08-13T16:26:30","modified_gmt":"2025-08-13T15:26:30","slug":"under-armour-sportstyle-cotton-graphic-short-1329300001","status":"publish","type":"product","link":"https:\/\/primosportmaroc.com\/?product=under-armour-sportstyle-cotton-graphic-short-1329300001","title":{"rendered":"Under Armour Sportstyle Cotton Graphic Short 1329300001"},"content":{"rendered":"<p>Description du produit<br \/>\nShort coupe ample pour homme. Mati\u00e8re r\u00e9sistante, respirante et tr\u00e8s confortable avec une grande proportion de coton. La technologie MTS permet une \u00e9limination efficace de l\u2019humidit\u00e9 \u00e0 la surface du mat\u00e9riau et s\u00e8che ainsi plus rapidement. La technologie extensible dans les 4 sens permet une plus grande mobilit\u00e9 du v\u00eatement dans toutes les directions. Ceinture \u00e9lastique confortable avec cordon de serrage. Poches lat\u00e9rales Technologie : 4-Way Stretch \u2013 La construction des v\u00eatements avec cette technologie permet l\u2019\u00e9lasticit\u00e9 du mat\u00e9riau dans les quatre directions. Les v\u00eatements dot\u00e9s de cette technologie favorisent votre pleine mobilit\u00e9 et \u00e9vacuent parfaitement l\u2019humidit\u00e9 et s\u00e8chent.Mati\u00e8re : 57 % coton, 38 % polyester, 5 % \u00e9lasthanne.<\/p>\n<section class=\"prod-cart\">\n<div class=\"prd_cart_btn\"><\/div>\n<\/section>\n<section class=\"prod-info\">\n<blockquote><p>Pour qui : Hommes<br \/>\nMarque : Under Armour<br \/>\nCat\u00e9gorie : Pantalons<br \/>\nCouper court<br \/>\nSaison : \u00e9t\u00e9<br \/>\nCouleur : Noir<\/p><\/blockquote>\n<\/section>\n","protected":false},"excerpt":{"rendered":"<p>Description du produit Short coupe ample pour homme. Mati\u00e8re r\u00e9sistante, respirante et tr\u00e8s confortable avec une grande proportion de coton. La technologie MTS permet une \u00e9limination efficace de l\u2019humidit\u00e9 \u00e0 la surface du mat\u00e9riau et s\u00e8che ainsi plus rapidement. La technologie extensible dans les 4 sens permet une plus grande mobilit\u00e9 du v\u00eatement dans toutes [&hellip;]<\/p>\n","protected":false},"featured_media":8649,"template":"","meta":{"_acf_changed":false,"content-type":""},"pwb-brand":[516],"product_brand":[],"product_cat":[491,487,479],"product_tag":[],"class_list":{"0":"post-8636","1":"product","2":"type-product","3":"status-publish","4":"has-post-thumbnail","6":"pwb-brand-under-armour","7":"product_cat-hommes","8":"product_cat-short-bermuda-hommes","9":"product_cat-vetementshommes","11":"first","12":"instock","13":"taxable","14":"shipping-taxable","15":"purchasable","16":"product-type-variable"},"acf":[],"brands":[{"id":516,"name":"Under Armour","slug":"under-armour"}],"_links":{"self":[{"href":"https:\/\/primosportmaroc.com\/index.php?rest_route=\/wp\/v2\/product\/8636","targetHints":{"allow":["GET"]}}],"collection":[{"href":"https:\/\/primosportmaroc.com\/index.php?rest_route=\/wp\/v2\/product"}],"about":[{"href":"https:\/\/primosportmaroc.com\/index.php?rest_route=\/wp\/v2\/types\/product"}],"wp:featuredmedia":[{"embeddable":true,"href":"https:\/\/primosportmaroc.com\/index.php?rest_route=\/wp\/v2\/media\/8649"}],"wp:attachment":[{"href":"https:\/\/primosportmaroc.com\/index.php?rest_route=%2Fwp%2Fv2%2Fmedia&parent=8636"}],"wp:term":[{"taxonomy":"pwb-brand","embeddable":true,"href":"https:\/\/primosportmaroc.com\/index.php?rest_route=%2Fwp%2Fv2%2Fpwb-brand&post=8636"},{"taxonomy":"product_brand","embeddable":true,"href":"https:\/\/primosportmaroc.com\/index.php?rest_route=%2Fwp%2Fv2%2Fproduct_brand&post=8636"},{"taxonomy":"product_cat","embeddable":true,"href":"https:\/\/primosportmaroc.com\/index.php?rest_route=%2Fwp%2Fv2%2Fproduct_cat&post=8636"},{"taxonomy":"product_tag","embeddable":true,"href":"https:\/\/primosportmaroc.com\/index.php?rest_route=%2Fwp%2Fv2%2Fproduct_tag&post=8636"}],"curies":[{"name":"wp","href":"https:\/\/api.w.org\/{rel}","templated":true}]}}