{"id":8842,"date":"2025-08-13T17:18:05","date_gmt":"2025-08-13T16:18:05","guid":{"rendered":"https:\/\/primosportmaroc.com\/?post_type=product&#038;p=8842"},"modified":"2025-08-13T20:25:56","modified_gmt":"2025-08-13T19:25:56","slug":"under-armour-3024878-001-noir","status":"publish","type":"product","link":"https:\/\/primosportmaroc.com\/?product=under-armour-3024878-001-noir","title":{"rendered":"Under Armour 3024878-001 Noir"},"content":{"rendered":"<h2 class=\"c-toggler__title initialized\"><span class=\"c-product-detail__description-title\">Description<\/span><\/h2>\n<div class=\"c-toggler__content\">\n<div class=\"c-product-detail__content\">\n<div id=\"collapsible-description-1\" class=\"value content js-expandable-description\">UNDER ARMOUR CHARGED PURSUIT 3 NOIR, DURABILIT\u00c9 Gr\u00e2ce \u00e0; la compression, la mousse est moul\u00e9e, et donc cette chaussure de running Under Armour Charged Persuit 3 pour les coureurs avec une bande de roulement neutre renforce ces sections aussi importantes que la r\u00e9activit\u00e9 et la durabilit\u00e9. Confortable, doux et \u00e9lastique pour faciliter vos mouvements.<\/div>\n<div>\n<p class=\"c-toggler__title initialized\"><strong><span class=\"c-product-detail__description-title\">Informations g\u00e9n\u00e9rales<\/span><\/strong><\/p>\n<ul>\n<li class=\"c-toggler__title initialized\">EAN : 195252748722<\/li>\n<\/ul>\n<div class=\"c-toggler__content\">\n<div class=\"c-product-detail__content mb-0 pb-0\">\n<div class=\"c-attribute\">\n<ul>\n<li class=\"c-attribute__label\">Marque : UNDER ARMOUR<\/li>\n<\/ul>\n<p class=\"c-attribute__label\"><strong><span class=\"c-product-detail__description-title\">Caract\u00e9ristiques g\u00e9n\u00e9rales<\/span><\/strong><\/p>\n<div class=\"c-toggler__content\">\n<div class=\"c-product-detail__content mb-0 pb-0 row\">\n<div class=\"c-attribute col-12 col-xmd-6\">\n<ul>\n<li class=\"c-attribute__label\">Couleur principale : NOIR<\/li>\n<li>Genre : adulte<\/li>\n<\/ul>\n<p class=\"c-toggler__title initialized\"><strong><span class=\"c-product-detail__description-title\">Caract\u00e9ristiques techniques<\/span><\/strong><\/p>\n<div class=\"c-toggler__content\">\n<div class=\"c-product-detail__content mb-0 pb-0 row\">\n<div class=\"c-attribute col-12 col-xmd-6\">\n<ul>\n<li class=\"c-attribute__label\">Type de pratique : Running<\/li>\n<\/ul>\n<\/div>\n<\/div>\n<\/div>\n<\/div>\n<\/div>\n<\/div>\n<\/div>\n<\/div>\n<\/div>\n<\/div>\n<\/div>\n<\/div>\n","protected":false},"excerpt":{"rendered":"<p>Description UNDER ARMOUR CHARGED PURSUIT 3 NOIR, DURABILIT\u00c9 Gr\u00e2ce \u00e0; la compression, la mousse est moul\u00e9e, et donc cette chaussure de running Under Armour Charged Persuit 3 pour les coureurs avec une bande de roulement neutre renforce ces sections aussi importantes que la r\u00e9activit\u00e9 et la durabilit\u00e9. Confortable, doux et \u00e9lastique pour faciliter vos mouvements. [&hellip;]<\/p>\n","protected":false},"featured_media":8845,"template":"","meta":{"_acf_changed":false,"content-type":""},"pwb-brand":[],"product_brand":[],"product_cat":[481,478,491],"product_tag":[],"class_list":{"0":"post-8842","1":"product","2":"type-product","3":"status-publish","4":"has-post-thumbnail","6":"product_cat-baskets-hommes","7":"product_cat-chaussureshommes","8":"product_cat-hommes","10":"first","11":"instock","12":"taxable","13":"shipping-taxable","14":"purchasable","15":"product-type-variable"},"acf":[],"brands":[],"_links":{"self":[{"href":"https:\/\/primosportmaroc.com\/index.php?rest_route=\/wp\/v2\/product\/8842","targetHints":{"allow":["GET"]}}],"collection":[{"href":"https:\/\/primosportmaroc.com\/index.php?rest_route=\/wp\/v2\/product"}],"about":[{"href":"https:\/\/primosportmaroc.com\/index.php?rest_route=\/wp\/v2\/types\/product"}],"wp:featuredmedia":[{"embeddable":true,"href":"https:\/\/primosportmaroc.com\/index.php?rest_route=\/wp\/v2\/media\/8845"}],"wp:attachment":[{"href":"https:\/\/primosportmaroc.com\/index.php?rest_route=%2Fwp%2Fv2%2Fmedia&parent=8842"}],"wp:term":[{"taxonomy":"pwb-brand","embeddable":true,"href":"https:\/\/primosportmaroc.com\/index.php?rest_route=%2Fwp%2Fv2%2Fpwb-brand&post=8842"},{"taxonomy":"product_brand","embeddable":true,"href":"https:\/\/primosportmaroc.com\/index.php?rest_route=%2Fwp%2Fv2%2Fproduct_brand&post=8842"},{"taxonomy":"product_cat","embeddable":true,"href":"https:\/\/primosportmaroc.com\/index.php?rest_route=%2Fwp%2Fv2%2Fproduct_cat&post=8842"},{"taxonomy":"product_tag","embeddable":true,"href":"https:\/\/primosportmaroc.com\/index.php?rest_route=%2Fwp%2Fv2%2Fproduct_tag&post=8842"}],"curies":[{"name":"wp","href":"https:\/\/api.w.org\/{rel}","templated":true}]}}