{"id":8860,"date":"2025-08-13T20:44:09","date_gmt":"2025-08-13T19:44:09","guid":{"rendered":"https:\/\/primosportmaroc.com\/?post_type=product&#038;p=8860"},"modified":"2025-08-13T20:44:09","modified_gmt":"2025-08-13T19:44:09","slug":"under-armour-charged-pursuit-3-3024878-401","status":"publish","type":"product","link":"https:\/\/primosportmaroc.com\/?product=under-armour-charged-pursuit-3-3024878-401","title":{"rendered":"Under Armour Charged Pursuit 3 &#8211; 3024878-401"},"content":{"rendered":"<div class=\"b-product_description-title\"><strong>Voici pourquoi vous allez l&rsquo;adorer&#8230;<\/strong><\/div>\n<div class=\"b-product_description-content\">Il est ici question de l\u00e9g\u00e8ret\u00e9 et de flexibilit\u00e9. Beaucoup de mesh pour plus de respirabilit\u00e9 et l&rsquo;amorti Charged Cushioning\u00ae pour une meilleure protection contre les chocs. Enfile-les pour avaler les kilom\u00e8tres.<\/div>\n<div><\/div>\n<blockquote>\n<div><strong>ADN<\/strong><\/div>\n<\/blockquote>\n<div>\n<div class=\"b-product_description-items g-accordion--mobile g-tabs-content\">\n<div id=\"tab-1\" class=\"g-accordion-item g-tabs-pane tab-pane show active\" role=\"tabpanel\" aria-labelledby=\"acc-1\">\n<div id=\"acc-1\" class=\"g-accordion-content collapse show\">\n<ul class=\"t-tabs_data\">\n<li class=\"t-tabs_list\">Empeigne en mesh performante pour offrir respirabilit\u00e9 et l\u00e9g\u00e8ret\u00e9<\/li>\n<li class=\"t-tabs_list\">Rembourrage en mousse autour de la cheville et sous la languette pour un confort et un ressenti exceptionnels<\/li>\n<li class=\"t-tabs_list\">Semelle int\u00e9rieure en mousse de qualit\u00e9 \u00e9pousant la forme du pied pour plus de confort<\/li>\n<li class=\"t-tabs_list\">Semelle interm\u00e9diaire Charged\u00a0Cushioning\u00ae avec mousse moul\u00e9e par compression pour une r\u00e9activit\u00e9 et une r\u00e9sistance absolues<\/li>\n<li class=\"t-tabs_list\">Motif de semelle ext\u00e9rieure r\u00e9sistant pour plus de souplesse et d&rsquo;adh\u00e9rence<\/li>\n<\/ul>\n<blockquote><p><strong>Sp\u00e9cifications<\/strong><\/p><\/blockquote>\n<ul class=\"t-tabs_data\">\n<li class=\"t-tabs_list\">Num\u00e9ro du mod\u00e8le\u00a0: 3024878<\/li>\n<li class=\"t-tabs_list\">Diff\u00e9rentiel talon-pointe\u00a0: 8\u00a0mm<\/li>\n<li class=\"t-tabs_list\">Poids\u00a0: 284\u00a0g<\/li>\n<li class=\"t-tabs_list\">Type de lacets\u00a0: Standard<\/li>\n<li class=\"t-tabs_list\">Import\u00e9<\/li>\n<\/ul>\n<blockquote><p><strong>Coupe et entretien<\/strong><\/p><\/blockquote>\n<ul class=\"t-tabs_data\">\n<li class=\"t-tabs_list\"><span class=\"t-bold_font\">R\u00e9gulier\u00a0<\/span><\/li>\n<li class=\"t-tabs_list\">NEUTRE\u00a0: Pour les athl\u00e8tes qui recherchent un \u00e9quilibre entre flexibilit\u00e9 et amorti<\/li>\n<\/ul>\n<\/div>\n<\/div>\n<\/div>\n<\/div>\n<div class=\"c-toggler__content\">\n<div class=\"c-product-detail__content\">\n<div id=\"collapsible-description-1\" class=\"value content js-expandable-description\">\n<p>&nbsp;<\/p>\n<\/div>\n<\/div>\n<\/div>\n","protected":false},"excerpt":{"rendered":"<p>Voici pourquoi vous allez l&rsquo;adorer&#8230; Il est ici question de l\u00e9g\u00e8ret\u00e9 et de flexibilit\u00e9. Beaucoup de mesh pour plus de respirabilit\u00e9 et l&rsquo;amorti Charged Cushioning\u00ae pour une meilleure protection contre les chocs. Enfile-les pour avaler les kilom\u00e8tres. ADN Empeigne en mesh performante pour offrir respirabilit\u00e9 et l\u00e9g\u00e8ret\u00e9 Rembourrage en mousse autour de la cheville et [&hellip;]<\/p>\n","protected":false},"featured_media":8863,"template":"","meta":{"_acf_changed":false,"content-type":""},"pwb-brand":[516],"product_brand":[],"product_cat":[481,478,491],"product_tag":[],"class_list":{"0":"post-8860","1":"product","2":"type-product","3":"status-publish","4":"has-post-thumbnail","6":"pwb-brand-under-armour","7":"product_cat-baskets-hommes","8":"product_cat-chaussureshommes","9":"product_cat-hommes","11":"first","12":"instock","13":"taxable","14":"shipping-taxable","15":"purchasable","16":"product-type-variable"},"acf":[],"brands":[{"id":516,"name":"Under Armour","slug":"under-armour"}],"_links":{"self":[{"href":"https:\/\/primosportmaroc.com\/index.php?rest_route=\/wp\/v2\/product\/8860","targetHints":{"allow":["GET"]}}],"collection":[{"href":"https:\/\/primosportmaroc.com\/index.php?rest_route=\/wp\/v2\/product"}],"about":[{"href":"https:\/\/primosportmaroc.com\/index.php?rest_route=\/wp\/v2\/types\/product"}],"wp:featuredmedia":[{"embeddable":true,"href":"https:\/\/primosportmaroc.com\/index.php?rest_route=\/wp\/v2\/media\/8863"}],"wp:attachment":[{"href":"https:\/\/primosportmaroc.com\/index.php?rest_route=%2Fwp%2Fv2%2Fmedia&parent=8860"}],"wp:term":[{"taxonomy":"pwb-brand","embeddable":true,"href":"https:\/\/primosportmaroc.com\/index.php?rest_route=%2Fwp%2Fv2%2Fpwb-brand&post=8860"},{"taxonomy":"product_brand","embeddable":true,"href":"https:\/\/primosportmaroc.com\/index.php?rest_route=%2Fwp%2Fv2%2Fproduct_brand&post=8860"},{"taxonomy":"product_cat","embeddable":true,"href":"https:\/\/primosportmaroc.com\/index.php?rest_route=%2Fwp%2Fv2%2Fproduct_cat&post=8860"},{"taxonomy":"product_tag","embeddable":true,"href":"https:\/\/primosportmaroc.com\/index.php?rest_route=%2Fwp%2Fv2%2Fproduct_tag&post=8860"}],"curies":[{"name":"wp","href":"https:\/\/api.w.org\/{rel}","templated":true}]}}