{"id":8906,"date":"2025-08-13T23:51:41","date_gmt":"2025-08-13T22:51:41","guid":{"rendered":"https:\/\/primosportmaroc.com\/?post_type=product&#038;p=8906"},"modified":"2025-08-14T10:58:19","modified_gmt":"2025-08-14T09:58:19","slug":"under-armour-short-graphique-tisse-1370388-716","status":"publish","type":"product","link":"https:\/\/primosportmaroc.com\/?product=under-armour-short-graphique-tisse-1370388-716","title":{"rendered":"Under Armour Short graphique tiss\u00e9 \u2013 1370388-716"},"content":{"rendered":"<p><strong>Under Armour Short graphique tiss\u00e9 &#8211; 1370388-716<\/strong><\/p>\n<p><strong>ADN<\/strong><\/p>\n<div class=\"vtex-flex-layout-0-x-flexRow vtex-flex-layout-0-x-flexRow--product-main vtex-flex-layout-0-x-flexRow--product-container\">\n<section class=\"vtex-store-components-3-x-container ph3 ph5-m ph2-xl mw9 center \">\n<div class=\"flex mt0 mb0 pt0 pb0 justify-between vtex-flex-layout-0-x-flexRowContent vtex-flex-layout-0-x-flexRowContent--product-main vtex-flex-layout-0-x-flexRowContent--product-container items-stretch w-100\">\n<div class=\"pr0 items-stretch vtex-flex-layout-0-x-stretchChildrenWidth flex\">\n<div class=\"vtex-flex-layout-0-x-flexCol vtex-flex-layout-0-x-flexCol--col-product-info ml0 mr0 pl0 pr0 flex flex-column h-100 w-100\">\n<div class=\"vtex-flex-layout-0-x-flexColChild vtex-flex-layout-0-x-flexColChild--col-product-info pb0\">\n<div class=\"vtex-flex-layout-0-x-flexRow vtex-flex-layout-0-x-flexRow--product-description-new\">\n<div class=\"flex mt0 mb7 pt0 pb0 justify-start vtex-flex-layout-0-x-flexRowContent vtex-flex-layout-0-x-flexRowContent--product-description-new items-stretch w-100\">\n<div class=\"pr0 items-stretch vtex-flex-layout-0-x-stretchChildrenWidth flex\">\n<div class=\"vtex-tab-layout-0-x-container vtex-tab-layout-0-x-container--tab-description\">\n<div class=\"vtex-tab-layout-0-x-contentContainer vtex-tab-layout-0-x-contentContainer--tab-content-desc w-100\">\n<div class=\"vtex-tab-layout-0-x-contentItem w-100\">\n<div class=\"underarmourcol-store-theme-7-x-productProperty underarmourcol-store-theme-7-x-ADN\">\n<ul>\n<li>Tissu l\u00e9ger pour un confort et une durabilit\u00e9 sup\u00e9rieurs<\/li>\n<li>Ceinture \u00e9lastique recouverte avec cordon de serrage int\u00e9rieur<\/li>\n<li>Poches lat\u00e9rales ouvertes<\/li>\n<\/ul>\n<p>,<\/p>\n<ul>\n<li>Tissu l\u00e9ger pour un confort et une durabilit\u00e9 sup\u00e9rieurs<\/li>\n<li>Ceinture \u00e9lastique recouverte avec cordon de serrage int\u00e9rieur<\/li>\n<li>Poches lat\u00e9rales ouvertes<\/li>\n<\/ul>\n<p>,<\/p>\n<ul>\n<li>Tissu l\u00e9ger pour un confort et une durabilit\u00e9 sup\u00e9rieurs<\/li>\n<li>Ceinture \u00e9lastique recouverte avec cordon de serrage int\u00e9rieur<\/li>\n<li>Poches lat\u00e9rales ouvertes<\/li>\n<\/ul>\n<p>,<\/p>\n<ul>\n<li>Tissu l\u00e9ger pour un confort et une durabilit\u00e9 sup\u00e9rieurs<\/li>\n<li>Ceinture \u00e9lastique recouverte avec cordon de serrage int\u00e9rieur<\/li>\n<li>Poches lat\u00e9rales ouvertes<\/li>\n<\/ul>\n<p><strong>Sp\u00e9cifications<\/strong><\/p>\n<ul>\n<li>Mod\u00e8le : #1370388<\/li>\n<li>Tour de taille : 21 cm<\/li>\n<li>non doubl\u00e9<\/li>\n<li>100% Polyester<\/li>\n<li>Import\u00e9<\/li>\n<\/ul>\n<p>,<\/p>\n<ul>\n<li>Mod\u00e8le : #1370388<\/li>\n<li>Tour de taille : 21 cm<\/li>\n<li>non doubl\u00e9<\/li>\n<li>100% Polyester<\/li>\n<li>Import\u00e9<\/li>\n<\/ul>\n<p>,<\/p>\n<ul>\n<li>Mod\u00e8le : #1370388<\/li>\n<li>Tour de taille : 21 cm<\/li>\n<li>non doubl\u00e9<\/li>\n<li>100% Polyester<\/li>\n<li>Import\u00e9<\/li>\n<\/ul>\n<p>,<\/p>\n<ul>\n<li>Mod\u00e8le : #1370388<\/li>\n<li>Tour de taille : 21 cm<\/li>\n<li>non doubl\u00e9<\/li>\n<li>100% Polyester<\/li>\n<li>Import\u00e9<\/li>\n<\/ul>\n<p>Pays d&rsquo;origine : Malaisie Enregistrement SIC : 900136788-4 Importateur : Forus Colombia SAS Mat\u00e9riau ext\u00e9rieur : 100 % polyester<\/p>\n<p><strong>Ajustement Et Entretien<\/strong><\/p>\n<ul>\n<li>Loose : coupe ample pour un confort total<\/li>\n<li>laver de fond en comble<\/li>\n<li>Lavage en machine \u00e0 froid avec des couleurs similaires<\/li>\n<li>S\u00e9cher \u00e0 basse temp\u00e9rature<\/li>\n<li>Ne pas repasser<\/li>\n<li>Ne pas utiliser d&rsquo;adoucissant<\/li>\n<\/ul>\n<p>Under Armour Short graphique tiss\u00e9 &#8211; 1370388-716<\/p>\n<p>,<\/p>\n<ul>\n<li>Loose : coupe ample pour un confort total<\/li>\n<li>laver de fond en comble<\/li>\n<li>Lavage en machine \u00e0 froid avec des couleurs similaires<\/li>\n<li>S\u00e9cher \u00e0 basse temp\u00e9rature<\/li>\n<li>Ne pas repasser<\/li>\n<li>Ne pas utiliser d&rsquo;adoucissant<\/li>\n<\/ul>\n<p>,<\/p>\n<ul>\n<li>Loose : coupe ample pour un confort total<\/li>\n<li>laver de fond en comble<\/li>\n<li>Lavage en machine \u00e0 froid avec des couleurs similaires<\/li>\n<li>S\u00e9cher \u00e0 basse temp\u00e9rature<\/li>\n<li>Ne pas repasser<\/li>\n<li>Ne pas utiliser d&rsquo;adoucissant<\/li>\n<\/ul>\n<p>,<\/p>\n<ul>\n<li>Loose : coupe ample pour un confort total<\/li>\n<li>laver de fond en comble<\/li>\n<li>Lavage en machine \u00e0 froid avec des couleurs similaires<\/li>\n<li>S\u00e9cher \u00e0 basse temp\u00e9rature<\/li>\n<li>Ne pas repasser<\/li>\n<li>Ne pas utiliser d&rsquo;adoucissant<\/li>\n<\/ul>\n<\/div>\n<\/div>\n<\/div>\n<\/div>\n<\/div>\n<\/div>\n<\/div>\n<\/div>\n<div class=\"vtex-flex-layout-0-x-flexColChild vtex-flex-layout-0-x-flexColChild--col-product-info pb0\">\n<div class=\"vtex-flex-layout-0-x-flexRow vtex-flex-layout-0-x-flexRow--name-value-pais\">\n<div class=\"flex mt0 mb0 pt0 pb0 justify-start vtex-flex-layout-0-x-flexRowContent vtex-flex-layout-0-x-flexRowContent--name-value-pais items-stretch w-100\">\n<div class=\"pr2 items-stretch vtex-flex-layout-0-x-stretchChildrenWidth flex\">\n<div class=\"vtex-flex-layout-0-x-flexCol ml0 mr0 pl0 pr0 flex flex-column h-100 w-100\">\n<div class=\"vtex-flex-layout-0-x-flexColChild pb0\"><\/div>\n<\/div>\n<\/div>\n<div class=\"pr0 items-stretch vtex-flex-layout-0-x-stretchChildrenWidth flex\">\n<div class=\"vtex-flex-layout-0-x-flexCol ml0 mr0 pl0 pr0 flex flex-column h-100 w-100\">\n<div class=\"vtex-flex-layout-0-x-flexColChild pb0\"><\/div>\n<\/div>\n<\/div>\n<\/div>\n<\/div>\n<\/div>\n<\/div>\n<\/div>\n<\/div>\n<\/section>\n<\/div>\n<div class=\"vtex-flex-layout-0-x-flexRow vtex-flex-layout-0-x-flexRow--product-gallery vtex-flex-layout-0-x-flexRow--product-container\">\n<section class=\"vtex-store-components-3-x-container ph3 ph5-m ph2-xl mw9 center \">\n<div class=\"flex mt0 mb0 pt0 pb0 justify-start vtex-flex-layout-0-x-flexRowContent vtex-flex-layout-0-x-flexRowContent--product-gallery vtex-flex-layout-0-x-flexRowContent--product-container items-stretch w-100\">\n<div class=\"pr0 items-stretch vtex-flex-layout-0-x-stretchChildrenWidth flex\">\n<div class=\"vtex-store-components-3-x-productImagesContainer vtex-store-components-3-x-productImagesContainer--product-gallery vtex-store-components-3-x-productImagesContainer--list vtex-store-components-3-x-productImagesContainer--product-gallery--list vtex-store-components-3-x-content vtex-store-components-3-x-content--product-gallery w-100\"><\/div>\n<\/div>\n<\/div>\n<\/section>\n<\/div>\n<div class=\"SizeChartModal_size-and-fit__image-container__Bkpf_\">\n<div class=\"SizeChartModal_table-wrapper__lhIgm\"><\/div>\n<\/div>\n","protected":false},"excerpt":{"rendered":"<p>Under Armour Short graphique tiss\u00e9 &#8211; 1370388-716 ADN Tissu l\u00e9ger pour un confort et une durabilit\u00e9 sup\u00e9rieurs Ceinture \u00e9lastique recouverte avec cordon de serrage int\u00e9rieur Poches lat\u00e9rales ouvertes , Tissu l\u00e9ger pour un confort et une durabilit\u00e9 sup\u00e9rieurs Ceinture \u00e9lastique recouverte avec cordon de serrage int\u00e9rieur Poches lat\u00e9rales ouvertes , Tissu l\u00e9ger pour un confort [&hellip;]<\/p>\n","protected":false},"featured_media":8907,"template":"","meta":{"_acf_changed":false,"content-type":""},"pwb-brand":[516],"product_brand":[],"product_cat":[491,487,479],"product_tag":[],"class_list":{"0":"post-8906","1":"product","2":"type-product","3":"status-publish","4":"has-post-thumbnail","6":"pwb-brand-under-armour","7":"product_cat-hommes","8":"product_cat-short-bermuda-hommes","9":"product_cat-vetementshommes","11":"first","12":"instock","13":"taxable","14":"shipping-taxable","15":"purchasable","16":"product-type-variable"},"acf":[],"brands":[{"id":516,"name":"Under Armour","slug":"under-armour"}],"_links":{"self":[{"href":"https:\/\/primosportmaroc.com\/index.php?rest_route=\/wp\/v2\/product\/8906","targetHints":{"allow":["GET"]}}],"collection":[{"href":"https:\/\/primosportmaroc.com\/index.php?rest_route=\/wp\/v2\/product"}],"about":[{"href":"https:\/\/primosportmaroc.com\/index.php?rest_route=\/wp\/v2\/types\/product"}],"wp:featuredmedia":[{"embeddable":true,"href":"https:\/\/primosportmaroc.com\/index.php?rest_route=\/wp\/v2\/media\/8907"}],"wp:attachment":[{"href":"https:\/\/primosportmaroc.com\/index.php?rest_route=%2Fwp%2Fv2%2Fmedia&parent=8906"}],"wp:term":[{"taxonomy":"pwb-brand","embeddable":true,"href":"https:\/\/primosportmaroc.com\/index.php?rest_route=%2Fwp%2Fv2%2Fpwb-brand&post=8906"},{"taxonomy":"product_brand","embeddable":true,"href":"https:\/\/primosportmaroc.com\/index.php?rest_route=%2Fwp%2Fv2%2Fproduct_brand&post=8906"},{"taxonomy":"product_cat","embeddable":true,"href":"https:\/\/primosportmaroc.com\/index.php?rest_route=%2Fwp%2Fv2%2Fproduct_cat&post=8906"},{"taxonomy":"product_tag","embeddable":true,"href":"https:\/\/primosportmaroc.com\/index.php?rest_route=%2Fwp%2Fv2%2Fproduct_tag&post=8906"}],"curies":[{"name":"wp","href":"https:\/\/api.w.org\/{rel}","templated":true}]}}