{"id":8931,"date":"2025-08-14T00:57:24","date_gmt":"2025-08-13T23:57:24","guid":{"rendered":"https:\/\/primosportmaroc.com\/?post_type=product&#038;p=8931"},"modified":"2025-08-14T00:57:25","modified_gmt":"2025-08-13T23:57:25","slug":"new-balance-327-black-white-ws327dw","status":"publish","type":"product","link":"https:\/\/primosportmaroc.com\/?product=new-balance-327-black-white-ws327dw","title":{"rendered":"New Balance 327 Black White \u2013 WS327DW"},"content":{"rendered":"<h4><strong>New Balance 327 Black White &#8211; WS327DW<\/strong><\/h4>\n<p>La chaussure New Balance 327 Black White &#8211; WS327DW de la marque New Balance revisite un mod\u00e8le r\u00e9tro et offre une combinaison unique de style et de confort. Inspir\u00e9e par l&rsquo;esth\u00e9tique des ann\u00e9es 70, elle utilise les technologies les plus avanc\u00e9es pour une performance optimale.<\/p>\n<p>Le cuir synth\u00e9tique et le mesh respirant de la tige de la chaussure offrent un confort maximal. La semelle interm\u00e9diaire en EVA offre un amortissement exceptionnel et un soutien suppl\u00e9mentaire pour le pied. La semelle ext\u00e9rieure en caoutchouc offre une excellente adh\u00e9rence et une traction durable, pour une utilisation sur toutes les surfaces.<\/p>\n<p>Le design noir et blanc de la chaussure est marqu\u00e9 par des d\u00e9tails en cuir synth\u00e9tique blanc pour un style \u00e9pur\u00e9. Le logo embl\u00e9matique \u00ab\u00a0N\u00a0\u00bb de New Balance est pr\u00e9sent sur les c\u00f4t\u00e9s de la chaussure, ajoutant une touche de style suppl\u00e9mentaire.<\/p>\n<ul>\n<li>Dessus en daim et textile<\/li>\n<li>Semelle intercalaire en EVA<\/li>\n<li>Semelle ext\u00e9rieure en caoutchouc<\/li>\n<\/ul>\n<p>La New Balance 327 Black White &#8211; WS327DW est une chaussure parfaite pour les amateurs de sneakers vintage et les passionn\u00e9s de mode qui recherchent un style et un confort alli\u00e9s<\/p>\n<p><strong>d\u00e9tails du produit<\/strong><\/p>\n<div class=\"css-0\" data-component=\"ProductDetails\">\n<div class=\"css-0\" data-component=\"TabletAndDesktopProductDetails\">\n<div class=\"css-jl5b6d\">\n<div class=\"css-1upqqtt\">\n<div class=\"css-8uhblx\" data-component=\"ProductTraits\">\n<div class=\"css-1ufjsin\" data-component=\"product-trait\">\n<p id=\"details\" class=\"subtitle\">D\u00e9tails<\/p>\n<p class=\"detail-field ng-star-inserted\">Marque :\u00a0<strong class=\"field-value-clicleable\">New Balance<\/strong><\/p>\n<p class=\"detail-field ng-star-inserted\">Mod\u00e8le :\u00a0<strong class=\"field-value-clicleable\">New Balance 327<\/strong><\/p>\n<p class=\"detail-field\">Couleur du fournisseur :\u00a0<strong class=\"field-value ng-star-inserted\">noir\/blanc<\/strong><\/p>\n<p class=\"detail-field\">Code de style :\u00a0<strong class=\"field-value ng-star-inserted\">WS327DW<\/strong><\/p>\n<p class=\"detail-field ng-star-inserted\">Date de sortie\u00a0:\u00a0<strong class=\"field-value\">01\/08\/2022<\/strong><\/p>\n<p>Genre: <strong>H<\/strong><strong class=\"field-value\">ommes<\/strong><\/p>\n<h4 class=\"vu5Q1\">PLUS DE D\u00c9TAILS SUR LE PRODUIT<\/h4>\n<div class=\"hGCbX\">\n<p>De la collection 327.\u00a0Ces baskets bicolores de New Balance sont dot\u00e9es d&rsquo;une semelle crant\u00e9e enveloppante et d&rsquo;un logo N textur\u00e9 surdimensionn\u00e9.\u00a0Tige en textile et su\u00e8de Bout rond Empeigne \u00e0 lacets Doublure synth\u00e9tique Semelle en caoutchouc.\u00a0Nouvel \u00e9quilibre.\u00a0La couleur noire<\/p>\n<div class=\"rqtlV\">\n<p>327 Baskets<\/p>\n<p>Cuir : Vachette.\u00a0Col rembourr\u00e9.\u00a0Fermeture \u00e0 lacets.\u00a0Bout rond.\u00a0Semelle en caoutchouc.\u00a0Cet article ne peut pas \u00eatre emball\u00e9 dans un coffret cadeau.\u00a0Une version moderne d&rsquo;un classique ind\u00e9modable.<\/p>\n<\/div>\n<\/div>\n<\/div>\n<div data-component=\"product-trait\"><\/div>\n<div data-component=\"product-trait\"><\/div>\n<\/div>\n<\/div>\n<\/div>\n<\/div>\n<\/div>\n","protected":false},"excerpt":{"rendered":"<p>New Balance 327 Black White &#8211; WS327DW La chaussure New Balance 327 Black White &#8211; WS327DW de la marque New Balance revisite un mod\u00e8le r\u00e9tro et offre une combinaison unique de style et de confort. Inspir\u00e9e par l&rsquo;esth\u00e9tique des ann\u00e9es 70, elle utilise les technologies les plus avanc\u00e9es pour une performance optimale. Le cuir synth\u00e9tique [&hellip;]<\/p>\n","protected":false},"featured_media":8932,"template":"","meta":{"_acf_changed":false,"content-type":""},"pwb-brand":[518],"product_brand":[],"product_cat":[481,478,491],"product_tag":[],"class_list":{"0":"post-8931","1":"product","2":"type-product","3":"status-publish","4":"has-post-thumbnail","6":"pwb-brand-new-balance","7":"product_cat-baskets-hommes","8":"product_cat-chaussureshommes","9":"product_cat-hommes","11":"first","12":"instock","13":"taxable","14":"shipping-taxable","15":"purchasable","16":"product-type-variable"},"acf":[],"brands":[{"id":518,"name":"New Balance","slug":"new-balance"}],"_links":{"self":[{"href":"https:\/\/primosportmaroc.com\/index.php?rest_route=\/wp\/v2\/product\/8931","targetHints":{"allow":["GET"]}}],"collection":[{"href":"https:\/\/primosportmaroc.com\/index.php?rest_route=\/wp\/v2\/product"}],"about":[{"href":"https:\/\/primosportmaroc.com\/index.php?rest_route=\/wp\/v2\/types\/product"}],"wp:featuredmedia":[{"embeddable":true,"href":"https:\/\/primosportmaroc.com\/index.php?rest_route=\/wp\/v2\/media\/8932"}],"wp:attachment":[{"href":"https:\/\/primosportmaroc.com\/index.php?rest_route=%2Fwp%2Fv2%2Fmedia&parent=8931"}],"wp:term":[{"taxonomy":"pwb-brand","embeddable":true,"href":"https:\/\/primosportmaroc.com\/index.php?rest_route=%2Fwp%2Fv2%2Fpwb-brand&post=8931"},{"taxonomy":"product_brand","embeddable":true,"href":"https:\/\/primosportmaroc.com\/index.php?rest_route=%2Fwp%2Fv2%2Fproduct_brand&post=8931"},{"taxonomy":"product_cat","embeddable":true,"href":"https:\/\/primosportmaroc.com\/index.php?rest_route=%2Fwp%2Fv2%2Fproduct_cat&post=8931"},{"taxonomy":"product_tag","embeddable":true,"href":"https:\/\/primosportmaroc.com\/index.php?rest_route=%2Fwp%2Fv2%2Fproduct_tag&post=8931"}],"curies":[{"name":"wp","href":"https:\/\/api.w.org\/{rel}","templated":true}]}}