{"id":8975,"date":"2025-08-14T13:04:11","date_gmt":"2025-08-14T12:04:11","guid":{"rendered":"https:\/\/primosportmaroc.com\/?post_type=product&#038;p=8975"},"modified":"2025-08-14T13:04:12","modified_gmt":"2025-08-14T12:04:12","slug":"nike-survetement-dri-fit-academy-noir-blanc","status":"publish","type":"product","link":"https:\/\/primosportmaroc.com\/?product=nike-survetement-dri-fit-academy-noir-blanc","title":{"rendered":"Nike Surv\u00eatement Dri-FIT Academy Noir\/Blanc"},"content":{"rendered":"<p>Le surv\u00eatement Nike Dri-FIT Academy se compose d&rsquo;une veste \u00e0 zip et d&rsquo;un pantalon r\u00e9glable pour un confort absolu \u00e0 l&rsquo;entra\u00eenement.Le tissu anti-transpiration et les d\u00e9tails en mesh vous gardent au sec et vous apportent un maximum de fra\u00eecheur lors des entra\u00eenements ou des d\u00e9placements \u00e0 l&rsquo;ext\u00e9rieur.Ce produit est enti\u00e8rement fabriqu\u00e9 \u00e0 partir de fibres de polyester recycl\u00e9.<\/p>\n<p>Couleur affich\u00e9e : Noir\/Blanc\/Blanc<br \/>\nArticle : CW6131-010<\/p>\n","protected":false},"excerpt":{"rendered":"<p>Le surv\u00eatement Nike Dri-FIT Academy se compose d&rsquo;une veste \u00e0 zip et d&rsquo;un pantalon r\u00e9glable pour un confort absolu \u00e0 l&rsquo;entra\u00eenement.Le tissu anti-transpiration et les d\u00e9tails en mesh vous gardent au sec et vous apportent un maximum de fra\u00eecheur lors des entra\u00eenements ou des d\u00e9placements \u00e0 l&rsquo;ext\u00e9rieur.Ce produit est enti\u00e8rement fabriqu\u00e9 \u00e0 partir de fibres [&hellip;]<\/p>\n","protected":false},"featured_media":8976,"template":"","meta":{"_acf_changed":false,"content-type":""},"pwb-brand":[514],"product_brand":[],"product_cat":[15,491,490,479],"product_tag":[],"class_list":{"0":"post-8975","1":"product","2":"type-product","3":"status-publish","4":"has-post-thumbnail","6":"pwb-brand-nike","7":"product_cat-non-classe","8":"product_cat-hommes","9":"product_cat-survetements-hommes","10":"product_cat-vetementshommes","12":"first","13":"instock","14":"taxable","15":"shipping-taxable","16":"purchasable","17":"product-type-variable"},"acf":[],"brands":[{"id":514,"name":"Nike","slug":"nike"}],"_links":{"self":[{"href":"https:\/\/primosportmaroc.com\/index.php?rest_route=\/wp\/v2\/product\/8975","targetHints":{"allow":["GET"]}}],"collection":[{"href":"https:\/\/primosportmaroc.com\/index.php?rest_route=\/wp\/v2\/product"}],"about":[{"href":"https:\/\/primosportmaroc.com\/index.php?rest_route=\/wp\/v2\/types\/product"}],"wp:featuredmedia":[{"embeddable":true,"href":"https:\/\/primosportmaroc.com\/index.php?rest_route=\/wp\/v2\/media\/8976"}],"wp:attachment":[{"href":"https:\/\/primosportmaroc.com\/index.php?rest_route=%2Fwp%2Fv2%2Fmedia&parent=8975"}],"wp:term":[{"taxonomy":"pwb-brand","embeddable":true,"href":"https:\/\/primosportmaroc.com\/index.php?rest_route=%2Fwp%2Fv2%2Fpwb-brand&post=8975"},{"taxonomy":"product_brand","embeddable":true,"href":"https:\/\/primosportmaroc.com\/index.php?rest_route=%2Fwp%2Fv2%2Fproduct_brand&post=8975"},{"taxonomy":"product_cat","embeddable":true,"href":"https:\/\/primosportmaroc.com\/index.php?rest_route=%2Fwp%2Fv2%2Fproduct_cat&post=8975"},{"taxonomy":"product_tag","embeddable":true,"href":"https:\/\/primosportmaroc.com\/index.php?rest_route=%2Fwp%2Fv2%2Fproduct_tag&post=8975"}],"curies":[{"name":"wp","href":"https:\/\/api.w.org\/{rel}","templated":true}]}}