{"id":8982,"date":"2025-08-14T13:12:11","date_gmt":"2025-08-14T12:12:11","guid":{"rendered":"https:\/\/primosportmaroc.com\/?post_type=product&#038;p=8982"},"modified":"2025-08-14T18:04:07","modified_gmt":"2025-08-14T17:04:07","slug":"nike-survetement-dri-fit-academy","status":"publish","type":"product","link":"https:\/\/primosportmaroc.com\/?product=nike-survetement-dri-fit-academy","title":{"rendered":"Nike Surv\u00eatement Dri-FIT Academy"},"content":{"rendered":"<p>Le surv\u00eatement Nike Dri-FIT Academy se compose d\u2019une veste \u00e0 zip et d\u2019un pantalon r\u00e9glable pour un confort absolu \u00e0 l\u2019entra\u00eenement.Le tissu anti-transpiration et les d\u00e9tails en mesh vous gardent au sec et vous apportent un maximum de fra\u00eecheur lors des entra\u00eenements ou des d\u00e9placements \u00e0 l\u2019ext\u00e9rieur.Ce produit est enti\u00e8rement fabriqu\u00e9 \u00e0 partir de fibres de polyester recycl\u00e9.<\/p>\n<p>Couleur affich\u00e9e : Obsidienne\/Blanc\/Blanc<br \/>\nArticle : CW6131-451<\/p>\n","protected":false},"excerpt":{"rendered":"<p>Le surv\u00eatement Nike Dri-FIT Academy se compose d\u2019une veste \u00e0 zip et d\u2019un pantalon r\u00e9glable pour un confort absolu \u00e0 l\u2019entra\u00eenement.Le tissu anti-transpiration et les d\u00e9tails en mesh vous gardent au sec et vous apportent un maximum de fra\u00eecheur lors des entra\u00eenements ou des d\u00e9placements \u00e0 l\u2019ext\u00e9rieur.Ce produit est enti\u00e8rement fabriqu\u00e9 \u00e0 partir de fibres [&hellip;]<\/p>\n","protected":false},"featured_media":8984,"template":"","meta":{"_acf_changed":false,"content-type":""},"pwb-brand":[514],"product_brand":[],"product_cat":[491,490,479],"product_tag":[],"class_list":{"0":"post-8982","1":"product","2":"type-product","3":"status-publish","4":"has-post-thumbnail","6":"pwb-brand-nike","7":"product_cat-hommes","8":"product_cat-survetements-hommes","9":"product_cat-vetementshommes","11":"first","12":"instock","13":"taxable","14":"shipping-taxable","15":"purchasable","16":"product-type-variable"},"acf":[],"brands":[{"id":514,"name":"Nike","slug":"nike"}],"_links":{"self":[{"href":"https:\/\/primosportmaroc.com\/index.php?rest_route=\/wp\/v2\/product\/8982","targetHints":{"allow":["GET"]}}],"collection":[{"href":"https:\/\/primosportmaroc.com\/index.php?rest_route=\/wp\/v2\/product"}],"about":[{"href":"https:\/\/primosportmaroc.com\/index.php?rest_route=\/wp\/v2\/types\/product"}],"wp:featuredmedia":[{"embeddable":true,"href":"https:\/\/primosportmaroc.com\/index.php?rest_route=\/wp\/v2\/media\/8984"}],"wp:attachment":[{"href":"https:\/\/primosportmaroc.com\/index.php?rest_route=%2Fwp%2Fv2%2Fmedia&parent=8982"}],"wp:term":[{"taxonomy":"pwb-brand","embeddable":true,"href":"https:\/\/primosportmaroc.com\/index.php?rest_route=%2Fwp%2Fv2%2Fpwb-brand&post=8982"},{"taxonomy":"product_brand","embeddable":true,"href":"https:\/\/primosportmaroc.com\/index.php?rest_route=%2Fwp%2Fv2%2Fproduct_brand&post=8982"},{"taxonomy":"product_cat","embeddable":true,"href":"https:\/\/primosportmaroc.com\/index.php?rest_route=%2Fwp%2Fv2%2Fproduct_cat&post=8982"},{"taxonomy":"product_tag","embeddable":true,"href":"https:\/\/primosportmaroc.com\/index.php?rest_route=%2Fwp%2Fv2%2Fproduct_tag&post=8982"}],"curies":[{"name":"wp","href":"https:\/\/api.w.org\/{rel}","templated":true}]}}