{"id":9080,"date":"2025-08-15T12:56:35","date_gmt":"2025-08-15T11:56:35","guid":{"rendered":"https:\/\/primosportmaroc.com\/?post_type=product&#038;p=9080"},"modified":"2025-08-15T12:56:36","modified_gmt":"2025-08-15T11:56:36","slug":"adidas-copa-sense-4-fxg-gy5000","status":"publish","type":"product","link":"https:\/\/primosportmaroc.com\/?product=adidas-copa-sense-4-fxg-gy5000","title":{"rendered":"Adidas Copa Sense 4 FxG GY5000"},"content":{"rendered":"<div class=\"accordion__header-text___2o9Im\">\n<h3>Adidas Copa Sense 4 FxG GY5000<\/h3>\n<p class=\"accordion-title___2sTgR\"><strong>Description<\/strong><\/p>\n<\/div>\n<div class=\"accordion__header-icon___2FuRa\"><\/div>\n<div class=\"accordion__content___29x9h\">\n<div class=\"content-padding___2kVWQ\">\n<div class=\"description___29WFI\">\n<div class=\"text-content___13aRm\">\n<p><strong>BOTTES SYNTH\u00c9TIQUES SOUPLES CON\u00c7UES POUR UN TOUCHER AM\u00c9LIOR\u00c9.<\/strong><\/p>\n<p class=\"gl-vspace\">Gagner ne consiste pas \u00e0 battre 11 joueurs. Il s&rsquo;agit de ne faire qu&rsquo;un avec le ballon. Comptez sur adidas Copa pour aiguiser vos sens du football. Facile \u00e0 enfiler, la tige synth\u00e9tique confortable de ces bottes r\u00e9duit les distractions lorsque vous pr\u00e9parez des matchs. En dessous, une semelle ext\u00e9rieure polyvalente offre une traction sur sol ferme, dur et gazon artificiel.<\/p>\n<\/div>\n<div class=\"media___3wT7q\"><img fetchpriority=\"high\" decoding=\"async\" class=\"\" src=\"https:\/\/assets.adidas.com\/images\/w_600,f_auto,q_auto\/90f2a6cd282f41d6a6e5ad7b00b34b34_9366\/Copa_Sense.4_Flexible_Ground_Boots_Black_GY5000.jpg\" sizes=\"(max-width: 320px) 320px, (max-width: 420px) 420px, (max-width: 600px) 600px, (max-width: 640px) 640px, (max-width: 840px) 840px\" srcset=\"https:\/\/assets.adidas.com\/images\/h_320,f_auto,q_auto,fl_lossy,c_fill,g_auto\/90f2a6cd282f41d6a6e5ad7b00b34b34_9366\/Copa_Sense.4_Flexible_Ground_Boots_Black_GY5000.jpg 320w, https:\/\/assets.adidas.com\/images\/h_420,f_auto,q_auto,fl_lossy,c_fill,g_auto\/90f2a6cd282f41d6a6e5ad7b00b34b34_9366\/Copa_Sense.4_Flexible_Ground_Boots_Black_GY5000.jpg 420w, https:\/\/assets.adidas.com\/images\/h_600,f_auto,q_auto,fl_lossy,c_fill,g_auto\/90f2a6cd282f41d6a6e5ad7b00b34b34_9366\/Copa_Sense.4_Flexible_Ground_Boots_Black_GY5000.jpg 600w, https:\/\/assets.adidas.com\/images\/h_640,f_auto,q_auto,fl_lossy,c_fill,g_auto\/90f2a6cd282f41d6a6e5ad7b00b34b34_9366\/Copa_Sense.4_Flexible_Ground_Boots_Black_GY5000.jpg 640w, https:\/\/assets.adidas.com\/images\/h_840,f_auto,q_auto,fl_lossy,c_fill,g_auto\/90f2a6cd282f41d6a6e5ad7b00b34b34_9366\/Copa_Sense.4_Flexible_Ground_Boots_Black_GY5000.jpg 840w\" alt=\"\" width=\"342\" height=\"342\" \/><\/div>\n<div>\n<div class=\"section\" data-v-360b751c=\"\" data-v-d86c7b46=\"\">\n<h3 data-v-d86c7b46=\"\" data-v-360b751c=\"\"><\/h3>\n<p class=\"header _heading-h5\"><strong>D\u00e9tails<\/strong><\/p>\n<div class=\"product-qualities is-expanded\" data-v-f012bc88=\"\" data-v-d86c7b46=\"\" data-v-360b751c=\"\">\n<div class=\"quality\" data-v-f012bc88=\"\">\n<ul>\n<li class=\"quality-label-value\"><span class=\"quality-label\" data-v-f012bc88=\"\">Marque: <\/span><span class=\"quality-value is-list\" data-v-f012bc88=\"\">adidas, adidas Performance <\/span><\/li>\n<li class=\"quality-label-value\">Chaussures de sport: <span class=\"quality-value\" data-v-f012bc88=\"\"><span data-v-f012bc88=\"\">Football<\/span><\/span><\/li>\n<li class=\"quality-label-value\">Couleur: <span class=\"quality-value\" data-v-f012bc88=\"\"><span data-v-f012bc88=\"\">Noir<\/span><\/span><\/li>\n<li class=\"quality-label-value\">Couleur indiqu\u00e9e par le fabricant: <span class=\"quality-value\" data-v-f012bc88=\"\"><span data-v-f012bc88=\"\">Cblock\/Ftwwht\/Vivred<\/span><\/span><\/li>\n<li class=\"quality-label-value\">Type de fermeture: <span class=\"quality-value\" data-v-f012bc88=\"\"><span data-v-f012bc88=\"\">Lacets<\/span><\/span><\/li>\n<li class=\"quality-label-value\">Type de bout: <span class=\"quality-value\" data-v-f012bc88=\"\"><span data-v-f012bc88=\"\">Rond<\/span><\/span><\/li>\n<li class=\"quality-label-value\">Type de semelle: <span class=\"quality-value\" data-v-f012bc88=\"\"><span data-v-f012bc88=\"\">Plat<\/span><\/span><\/li>\n<li class=\"quality-label-value\">Autres: <span class=\"quality-value\" data-v-f012bc88=\"\"><span data-v-f012bc88=\"\">Lacets en tissu<\/span><\/span><\/li>\n<li class=\"quality-label-value\">Mod\u00e8le: <span class=\"quality-value\" data-v-f012bc88=\"\"><span data-v-f012bc88=\"\">Copa Sense. 4 FxG GY5000<\/span><\/span><\/li>\n<li class=\"quality-label-value\">Gamme: <span class=\"quality-value\" data-v-f012bc88=\"\"><span data-v-f012bc88=\"\">adidas Fall\/Winter 2022\/Q3<\/span><\/span><\/li>\n<li class=\"quality-label-value\">Collection: <span class=\"quality-value is-list\" data-v-f012bc88=\"\">adidas Performance, adidas Copa<\/span><\/li>\n<li class=\"quality-label-value\">Index: <span class=\"quality-value\" data-v-f012bc88=\"\"><span data-v-f012bc88=\"\">0000209944976<\/span><\/span><\/li>\n<\/ul>\n<\/div>\n<\/div>\n<\/div>\n<div class=\"section\" data-v-360b751c=\"\" data-v-d86c7b46=\"\">\n<p class=\"header _heading-h5\"><strong>Taille et ajustement<\/strong><\/p>\n<div class=\"product-qualities is-expanded\" data-v-f012bc88=\"\" data-v-d86c7b46=\"\" data-v-360b751c=\"\">\n<div class=\"quality\" data-v-f012bc88=\"\">\n<ul>\n<li class=\"quality-label-value\"><span class=\"quality-label\" data-v-f012bc88=\"\">\u00c9paisseur de semelle: <\/span><span class=\"quality-value\" data-v-f012bc88=\"\"><span data-v-f012bc88=\"\">2 cm<\/span><\/span><\/li>\n<li class=\"quality-label-value\">Hauteur totale de la chaussure: <span class=\"quality-value\" data-v-f012bc88=\"\"><span data-v-f012bc88=\"\">11.5 cm<\/span><\/span><\/li>\n<li class=\"quality-label-value\">Poids de chaussure (pointure la plus petite): <span class=\"quality-value\" data-v-f012bc88=\"\"><span data-v-f012bc88=\"\">234 g<\/span><\/span><\/li>\n<\/ul>\n<\/div>\n<\/div>\n<\/div>\n<div class=\"section\" data-v-360b751c=\"\" data-v-d86c7b46=\"\">\n<p class=\"header _heading-h5\"><strong>Composition et entretien<\/strong><\/p>\n<div class=\"product-qualities is-expanded\" data-v-f012bc88=\"\" data-v-d86c7b46=\"\" data-v-360b751c=\"\">\n<div class=\"quality\" data-v-f012bc88=\"\">\n<ul>\n<li class=\"quality-label-value\"><span class=\"quality-label\" data-v-f012bc88=\"\">Semelle de propret\u00e9: <\/span><span class=\"quality-value\" data-v-f012bc88=\"\"><span data-v-f012bc88=\"\">Tissu<\/span><\/span><\/li>\n<li class=\"quality-label-value\">Int\u00e9rieur: <span class=\"quality-value\" data-v-f012bc88=\"\"><span data-v-f012bc88=\"\">Tissu<\/span><\/span><\/li>\n<li class=\"quality-label-value\">Tige: <span class=\"quality-value\" data-v-f012bc88=\"\"><span data-v-f012bc88=\"\">Simili cuir\/-Simili cuir<\/span><\/span><\/li>\n<li class=\"quality-label-value\">Rembourrage: <span class=\"quality-value\" data-v-f012bc88=\"\"><span data-v-f012bc88=\"\">Rigide<\/span><\/span><\/li>\n<li class=\"quality-label-value\">Semelle d&rsquo;usure: <span class=\"quality-value\" data-v-f012bc88=\"\"><span data-v-f012bc88=\"\">Mati\u00e8re synth\u00e9tique de haute qualit\u00e9<\/span><\/span><\/li>\n<li class=\"quality-label-value\">Contient des parties non textiles d&rsquo;origine animale: <span class=\"quality-value\" data-v-f012bc88=\"\"><span data-v-f012bc88=\"\">Non<\/span><\/span><\/li>\n<\/ul>\n<p>Les chaussures Adidas Copa Sense 4 FxG (GY5000) sont le choix parfait pour les joueurs \u00e0 la recherche de performances optimales sur le terrain. Leur design allie contr\u00f4le, confort et style pour vous aider \u00e0 briller pendant le jeu.<\/p>\n<\/div>\n<\/div>\n<\/div>\n<\/div>\n<\/div>\n<\/div>\n<\/div>\n","protected":false},"excerpt":{"rendered":"<p>Adidas Copa Sense 4 FxG GY5000 Description BOTTES SYNTH\u00c9TIQUES SOUPLES CON\u00c7UES POUR UN TOUCHER AM\u00c9LIOR\u00c9. Gagner ne consiste pas \u00e0 battre 11 joueurs. Il s&rsquo;agit de ne faire qu&rsquo;un avec le ballon. Comptez sur adidas Copa pour aiguiser vos sens du football. Facile \u00e0 enfiler, la tige synth\u00e9tique confortable de ces bottes r\u00e9duit les distractions [&hellip;]<\/p>\n","protected":false},"featured_media":9086,"template":"","meta":{"_acf_changed":false,"content-type":""},"pwb-brand":[515],"product_brand":[],"product_cat":[481,478,491],"product_tag":[],"class_list":{"0":"post-9080","1":"product","2":"type-product","3":"status-publish","4":"has-post-thumbnail","6":"pwb-brand-adidas","7":"product_cat-baskets-hommes","8":"product_cat-chaussureshommes","9":"product_cat-hommes","11":"first","12":"instock","13":"taxable","14":"shipping-taxable","15":"purchasable","16":"product-type-variable"},"acf":[],"brands":[{"id":515,"name":"Adidas","slug":"adidas"}],"_links":{"self":[{"href":"https:\/\/primosportmaroc.com\/index.php?rest_route=\/wp\/v2\/product\/9080","targetHints":{"allow":["GET"]}}],"collection":[{"href":"https:\/\/primosportmaroc.com\/index.php?rest_route=\/wp\/v2\/product"}],"about":[{"href":"https:\/\/primosportmaroc.com\/index.php?rest_route=\/wp\/v2\/types\/product"}],"wp:featuredmedia":[{"embeddable":true,"href":"https:\/\/primosportmaroc.com\/index.php?rest_route=\/wp\/v2\/media\/9086"}],"wp:attachment":[{"href":"https:\/\/primosportmaroc.com\/index.php?rest_route=%2Fwp%2Fv2%2Fmedia&parent=9080"}],"wp:term":[{"taxonomy":"pwb-brand","embeddable":true,"href":"https:\/\/primosportmaroc.com\/index.php?rest_route=%2Fwp%2Fv2%2Fpwb-brand&post=9080"},{"taxonomy":"product_brand","embeddable":true,"href":"https:\/\/primosportmaroc.com\/index.php?rest_route=%2Fwp%2Fv2%2Fproduct_brand&post=9080"},{"taxonomy":"product_cat","embeddable":true,"href":"https:\/\/primosportmaroc.com\/index.php?rest_route=%2Fwp%2Fv2%2Fproduct_cat&post=9080"},{"taxonomy":"product_tag","embeddable":true,"href":"https:\/\/primosportmaroc.com\/index.php?rest_route=%2Fwp%2Fv2%2Fproduct_tag&post=9080"}],"curies":[{"name":"wp","href":"https:\/\/api.w.org\/{rel}","templated":true}]}}