{"id":9232,"date":"2025-09-01T14:32:06","date_gmt":"2025-09-01T13:32:06","guid":{"rendered":"https:\/\/primosportmaroc.com\/?post_type=product&#038;p=9232"},"modified":"2025-09-01T14:32:06","modified_gmt":"2025-09-01T13:32:06","slug":"chaussures-nike-court-borough-low-2-bq5448-100","status":"publish","type":"product","link":"https:\/\/primosportmaroc.com\/?product=chaussures-nike-court-borough-low-2-bq5448-100","title":{"rendered":"Chaussures Nike Court Borough Low 2 BQ5448-100"},"content":{"rendered":"<div class=\"section\" data-v-360b751c=\"\" data-v-d86c7b46=\"\">\n<p><strong>Chaussures Nike Court Borough Low 2 BQ5448-100<\/strong><\/p>\n<p>Nike Court Borough Low 2<br \/>\nLOOK ALL-STAR. CONFORT OPTIMAL TOUT AU LONG DE LA JOURN\u00c9E.<\/p>\n<p>La Nike Court Borough Low 2 est une chaussure de style r\u00e9tro. Elle est dot\u00e9e d&rsquo;une tige en cuir blanc avec des d\u00e9tails noirs, notamment le c\u00e9l\u00e8bre logo Swoosh de Nike. La semelle ext\u00e9rieure en caoutchouc est durable et offre une bonne traction sur une vari\u00e9t\u00e9 de surfaces.<\/p>\n<p>La Court Borough Low 2 est une chaussure confortable et polyvalente qui peut \u00eatre port\u00e9e pour toutes sortes d&rsquo;activit\u00e9s. Elle est \u00e9galement id\u00e9ale pour les occasions d\u00e9contract\u00e9es.<\/p>\n<p class=\"header _heading-h5\"><strong>Voici quelques\u00a0 D\u00e9tails de la Nike Court Borough Low 2 :<\/strong><\/p>\n<div class=\"product-qualities is-expanded\" data-v-f012bc88=\"\" data-v-d86c7b46=\"\" data-v-360b751c=\"\">\n<div class=\"quality\" data-v-f012bc88=\"\">\n<ul>\n<li class=\"quality-label-value\"><span class=\"quality-label\" data-v-f012bc88=\"\">Marque: <\/span><span class=\"quality-value is-list\" data-v-f012bc88=\"\">Nike<\/span><\/li>\n<li class=\"quality-label-value\">Chaussures de sport: <span class=\"quality-value\" data-v-f012bc88=\"\"><span data-v-f012bc88=\"\">Lifestyle<\/span><\/span><\/li>\n<li class=\"quality-label-value\">Couleur: <span class=\"quality-value\" data-v-f012bc88=\"\"><span data-v-f012bc88=\"\">Blanc<\/span><\/span><\/li>\n<li class=\"quality-label-value\">Couleur indiqu\u00e9e par le fabricant: <span class=\"quality-value\" data-v-f012bc88=\"\"><span data-v-f012bc88=\"\">White\/White\/White<\/span><\/span><\/li>\n<li class=\"quality-label-value\">Type de fermeture: <span class=\"quality-value\" data-v-f012bc88=\"\"><span data-v-f012bc88=\"\">Lacets<\/span><\/span><\/li>\n<li class=\"quality-label-value\">Type de bout: <span class=\"quality-value\" data-v-f012bc88=\"\"><span data-v-f012bc88=\"\">Rond<\/span><\/span><\/li>\n<li class=\"quality-label-value\">Type de semelle: <span class=\"quality-value\" data-v-f012bc88=\"\"><span data-v-f012bc88=\"\">Plat<\/span><\/span><\/li>\n<li class=\"quality-label-value\">Autres: <span class=\"quality-value\" data-v-f012bc88=\"\"><span data-v-f012bc88=\"\">Lacets en tissu<\/span><\/span><\/li>\n<li class=\"quality-label-value\">Mod\u00e8le: <span class=\"quality-value\" data-v-f012bc88=\"\"><span data-v-f012bc88=\"\">Court Borough Low 2 (GS) BQ5448 100<\/span><\/span><\/li>\n<li class=\"quality-label-value\">Gamme: <span class=\"quality-value\" data-v-f012bc88=\"\"><span data-v-f012bc88=\"\">Nike Spring\/Summer 2021\/Q1<\/span><\/span><\/li>\n<li class=\"quality-label-value\">Index: <span class=\"quality-value\" data-v-f012bc88=\"\"><span data-v-f012bc88=\"\">0000207165564<\/span><\/span><\/li>\n<\/ul>\n<\/div>\n<div class=\"quality\" data-v-f012bc88=\"\">\n<div data-v-f012bc88=\"\"><\/div>\n<\/div>\n<\/div>\n<\/div>\n<div class=\"section\" data-v-360b751c=\"\" data-v-d86c7b46=\"\">\n<p class=\"header _heading-h5\"><strong>Taille et ajustement<\/strong><\/p>\n<div class=\"product-qualities is-expanded\" data-v-f012bc88=\"\" data-v-d86c7b46=\"\" data-v-360b751c=\"\">\n<div class=\"quality\" data-v-f012bc88=\"\">\n<ul>\n<li class=\"quality-label-value\"><span class=\"quality-label\" data-v-f012bc88=\"\">\u00c9paisseur de semelle: <\/span><span class=\"quality-value\" data-v-f012bc88=\"\"><span data-v-f012bc88=\"\">2.5 cm<\/span><\/span><\/li>\n<li class=\"quality-label-value\">Hauteur totale de la chaussure: <span class=\"quality-value\" data-v-f012bc88=\"\"><span data-v-f012bc88=\"\">10 cm<\/span><\/span><\/li>\n<li class=\"quality-label-value\">Poids de chaussure (pointure la plus petite): <span class=\"quality-value\" data-v-f012bc88=\"\"><span data-v-f012bc88=\"\">274 g<\/span><\/span><\/li>\n<\/ul>\n<\/div>\n<div class=\"quality\" data-v-f012bc88=\"\">\n<div data-v-f012bc88=\"\"><\/div>\n<\/div>\n<\/div>\n<\/div>\n<div class=\"section\" data-v-360b751c=\"\" data-v-d86c7b46=\"\">\n<p class=\"header _heading-h5\"><strong>Composition et entretien<\/strong><\/p>\n<div class=\"product-qualities is-expanded\" data-v-f012bc88=\"\" data-v-d86c7b46=\"\" data-v-360b751c=\"\">\n<div class=\"quality\" data-v-f012bc88=\"\">\n<ul>\n<li class=\"quality-label-value\"><span class=\"quality-label\" data-v-f012bc88=\"\">Semelle de propret\u00e9: <\/span><span class=\"quality-value\" data-v-f012bc88=\"\"><span data-v-f012bc88=\"\">Tissu<\/span><\/span><\/li>\n<li class=\"quality-label-value\">Int\u00e9rieur: <span class=\"quality-value\" data-v-f012bc88=\"\"><span data-v-f012bc88=\"\">Tissu<\/span><\/span><\/li>\n<li class=\"quality-label-value\">Tige: <span class=\"quality-value\" data-v-f012bc88=\"\"><span data-v-f012bc88=\"\">Simili cuir\/-Simili cuir, Cuir &#8211; Cuir pleine fleur<\/span><\/span><\/li>\n<li class=\"quality-label-value\">Semelle d&rsquo;usure: <span class=\"quality-value\" data-v-f012bc88=\"\"><span data-v-f012bc88=\"\">Mati\u00e8re synth\u00e9tique de haute qualit\u00e9<\/span><\/span><\/li>\n<\/ul>\n<p>La <strong>Nike Court Borough Low 2 BQ5448-100<\/strong> est une excellente chaussure qui recherchent une chaussure confortable, durable et \u00e9l\u00e9gante.<\/p>\n<\/div>\n<\/div>\n<\/div>\n","protected":false},"excerpt":{"rendered":"<p>Chaussures Nike Court Borough Low 2 BQ5448-100 Nike Court Borough Low 2 LOOK ALL-STAR. CONFORT OPTIMAL TOUT AU LONG DE LA JOURN\u00c9E. La Nike Court Borough Low 2 est une chaussure de style r\u00e9tro. Elle est dot\u00e9e d&rsquo;une tige en cuir blanc avec des d\u00e9tails noirs, notamment le c\u00e9l\u00e8bre logo Swoosh de Nike. La semelle [&hellip;]<\/p>\n","protected":false},"featured_media":9241,"template":"","meta":{"_acf_changed":false,"content-type":""},"pwb-brand":[514],"product_brand":[],"product_cat":[498,497,492,477],"product_tag":[],"class_list":{"0":"post-9232","1":"product","2":"type-product","3":"status-publish","4":"has-post-thumbnail","6":"pwb-brand-nike","7":"product_cat-baskets-femmes","8":"product_cat-chaussures-femmes","9":"product_cat-femmes","10":"product_cat-soldes","12":"first","13":"instock","14":"sale","15":"taxable","16":"shipping-taxable","17":"purchasable","18":"product-type-variable"},"acf":[],"brands":[{"id":514,"name":"Nike","slug":"nike"}],"_links":{"self":[{"href":"https:\/\/primosportmaroc.com\/index.php?rest_route=\/wp\/v2\/product\/9232","targetHints":{"allow":["GET"]}}],"collection":[{"href":"https:\/\/primosportmaroc.com\/index.php?rest_route=\/wp\/v2\/product"}],"about":[{"href":"https:\/\/primosportmaroc.com\/index.php?rest_route=\/wp\/v2\/types\/product"}],"wp:featuredmedia":[{"embeddable":true,"href":"https:\/\/primosportmaroc.com\/index.php?rest_route=\/wp\/v2\/media\/9241"}],"wp:attachment":[{"href":"https:\/\/primosportmaroc.com\/index.php?rest_route=%2Fwp%2Fv2%2Fmedia&parent=9232"}],"wp:term":[{"taxonomy":"pwb-brand","embeddable":true,"href":"https:\/\/primosportmaroc.com\/index.php?rest_route=%2Fwp%2Fv2%2Fpwb-brand&post=9232"},{"taxonomy":"product_brand","embeddable":true,"href":"https:\/\/primosportmaroc.com\/index.php?rest_route=%2Fwp%2Fv2%2Fproduct_brand&post=9232"},{"taxonomy":"product_cat","embeddable":true,"href":"https:\/\/primosportmaroc.com\/index.php?rest_route=%2Fwp%2Fv2%2Fproduct_cat&post=9232"},{"taxonomy":"product_tag","embeddable":true,"href":"https:\/\/primosportmaroc.com\/index.php?rest_route=%2Fwp%2Fv2%2Fproduct_tag&post=9232"}],"curies":[{"name":"wp","href":"https:\/\/api.w.org\/{rel}","templated":true}]}}