{"id":9279,"date":"2025-09-01T15:34:26","date_gmt":"2025-09-01T14:34:26","guid":{"rendered":"https:\/\/primosportmaroc.com\/?post_type=product&#038;p=9279"},"modified":"2025-09-01T15:34:26","modified_gmt":"2025-09-01T14:34:26","slug":"puma-sweat-puma-bmw-m-motorsport-531187-04","status":"publish","type":"product","link":"https:\/\/primosportmaroc.com\/?product=puma-sweat-puma-bmw-m-motorsport-531187-04","title":{"rendered":"PUMA Sweat Puma BMW M Motorsport \u2013 531187-04"},"content":{"rendered":"<div class=\"c-info-block__subtitle\">Description<\/div>\n<p class=\"c-info-block__text\">Sweat \u00e0 capuche puma bmw m motorsport\u00a0 coloris : noir, bleu, rouge. R\u00e9f\u00e9rence :\u00a0531187-04. Ce sweat \u00e0 capuche bmw m motorsport\u00a0audacieux de puma\u00a0pr\u00e9sente\u00a0un look\u00a0sophisti<\/p>\n<div class=\"c-info-block__subtitle\">Le + produit :<\/div>\n<p>Sweat \u00e0 capuche Puma BMW M Motorsport<\/p>\n<p>Coloris : Noir, Bleu, Rouge.<br \/>\nR\u00e9f\u00e9rence :\u00a0531187-04.<\/p>\n<p>Ce sweat \u00e0 capuche BMW M Motorsport\u00a0audacieux de Puma\u00a0pr\u00e9sente\u00a0un look\u00a0sophistiqu\u00e9 et \u00e9l\u00e9gant. Il est con\u00e7u avec du coton\u00a0issu de la BCI, une construction en double tricot,\u00a0et une\u00a0coupe articul\u00e9e\u00a0pour une meilleure libert\u00e9 de mouvement.<\/p>\n<p>D\u00e9tails.<br \/>\n\u2013 Capuche avec cordon de serrage ajustable.<br \/>\n\u2013\u00a0Coupe articul\u00e9e pour plus de confort.<br \/>\n\u2013 Manches longues, poignets et ceinture c\u00f4tel\u00e9s.<br \/>\n\u2013 Fermeture\u00a0zipp\u00e9e int\u00e9grale.<br \/>\n\u2013 Deux poches lat\u00e9rales zipp\u00e9es.<br \/>\n\u2013 Elastique de maintien \u00e0 la taille et aux poignets.<br \/>\n\u2013 BMW Motorsport imprim\u00e9 sur l\u2019avant.<br \/>\n\u2013 Logo Puma imprim\u00e9 sur la manche.<\/p>\n<p>Mati\u00e8re :\u00a077% coton, 23% polyester.<\/p>\n","protected":false},"excerpt":{"rendered":"<p>Description Sweat \u00e0 capuche puma bmw m motorsport\u00a0 coloris : noir, bleu, rouge. R\u00e9f\u00e9rence :\u00a0531187-04. Ce sweat \u00e0 capuche bmw m motorsport\u00a0audacieux de puma\u00a0pr\u00e9sente\u00a0un look\u00a0sophisti Le + produit : Sweat \u00e0 capuche Puma BMW M Motorsport Coloris : Noir, Bleu, Rouge. R\u00e9f\u00e9rence :\u00a0531187-04. Ce sweat \u00e0 capuche BMW M Motorsport\u00a0audacieux de Puma\u00a0pr\u00e9sente\u00a0un look\u00a0sophistiqu\u00e9 et \u00e9l\u00e9gant. [&hellip;]<\/p>\n","protected":false},"featured_media":9281,"template":"","meta":{"_acf_changed":false,"content-type":""},"pwb-brand":[517],"product_brand":[],"product_cat":[491,488,477,479],"product_tag":[],"class_list":{"0":"post-9279","1":"product","2":"type-product","3":"status-publish","4":"has-post-thumbnail","6":"pwb-brand-puma","7":"product_cat-hommes","8":"product_cat-pull-sweat-hommes","9":"product_cat-soldes","10":"product_cat-vetementshommes","12":"first","13":"instock","14":"sale","15":"taxable","16":"shipping-taxable","17":"purchasable","18":"product-type-variable"},"acf":[],"brands":[{"id":517,"name":"Puma","slug":"puma"}],"_links":{"self":[{"href":"https:\/\/primosportmaroc.com\/index.php?rest_route=\/wp\/v2\/product\/9279","targetHints":{"allow":["GET"]}}],"collection":[{"href":"https:\/\/primosportmaroc.com\/index.php?rest_route=\/wp\/v2\/product"}],"about":[{"href":"https:\/\/primosportmaroc.com\/index.php?rest_route=\/wp\/v2\/types\/product"}],"wp:featuredmedia":[{"embeddable":true,"href":"https:\/\/primosportmaroc.com\/index.php?rest_route=\/wp\/v2\/media\/9281"}],"wp:attachment":[{"href":"https:\/\/primosportmaroc.com\/index.php?rest_route=%2Fwp%2Fv2%2Fmedia&parent=9279"}],"wp:term":[{"taxonomy":"pwb-brand","embeddable":true,"href":"https:\/\/primosportmaroc.com\/index.php?rest_route=%2Fwp%2Fv2%2Fpwb-brand&post=9279"},{"taxonomy":"product_brand","embeddable":true,"href":"https:\/\/primosportmaroc.com\/index.php?rest_route=%2Fwp%2Fv2%2Fproduct_brand&post=9279"},{"taxonomy":"product_cat","embeddable":true,"href":"https:\/\/primosportmaroc.com\/index.php?rest_route=%2Fwp%2Fv2%2Fproduct_cat&post=9279"},{"taxonomy":"product_tag","embeddable":true,"href":"https:\/\/primosportmaroc.com\/index.php?rest_route=%2Fwp%2Fv2%2Fproduct_tag&post=9279"}],"curies":[{"name":"wp","href":"https:\/\/api.w.org\/{rel}","templated":true}]}}